Last updated on 2025-10-25 01:50:54 CEST.
| Flavor | Version | Tinstall | Tcheck | Ttotal | Status | Flags |
|---|---|---|---|---|---|---|
| r-devel-linux-x86_64-debian-clang | 1.3.0 | 342.95 | 395.84 | 738.79 | OK | |
| r-devel-linux-x86_64-debian-gcc | 1.3.0 | 308.75 | 273.27 | 582.02 | OK | |
| r-devel-linux-x86_64-fedora-clang | 1.3.0 | 660.00 | 413.24 | 1073.24 | OK | |
| r-devel-linux-x86_64-fedora-gcc | 1.3.0 | 1020.00 | 441.85 | 1461.85 | OK | |
| r-devel-windows-x86_64 | 1.3.0 | 384.00 | 530.00 | 914.00 | OK | |
| r-patched-linux-x86_64 | 1.3.0 | 400.14 | 421.62 | 821.76 | OK | |
| r-release-linux-x86_64 | 1.3.0 | 413.66 | 468.77 | 882.43 | OK | |
| r-release-macos-arm64 | 1.3.0 | 151.00 | 178.00 | 329.00 | OK | |
| r-release-macos-x86_64 | 1.3.0 | 180.00 | 403.00 | 583.00 | OK | |
| r-release-windows-x86_64 | 1.3.0 | 372.00 | 515.00 | 887.00 | OK | |
| r-oldrel-macos-arm64 | 1.3.0 | 73.00 | 99.00 | 172.00 | NOTE | |
| r-oldrel-macos-x86_64 | 1.3.0 | 69.00 | 247.00 | 316.00 | NOTE | |
| r-oldrel-windows-x86_64 | 1.3.0 | 434.00 | 729.00 | 1163.00 | NOTE |
Version: 1.3.0
Check: installed package size
Result: NOTE
installed size is 65.0Mb
sub-directories of 1Mb or more:
data 2.7Mb
libs 61.6Mb
Flavors: r-oldrel-macos-arm64, r-oldrel-macos-x86_64, r-oldrel-windows-x86_64
Version: 1.3.0
Check: for GNU extensions in Makefiles
Result: NOTE
GNU make is a SystemRequirements.
Flavors: r-oldrel-macos-arm64, r-oldrel-macos-x86_64