Last updated on 2025-04-15 01:50:27 CEST.
Flavor | Version | Tinstall | Tcheck | Ttotal | Status | Flags |
---|---|---|---|---|---|---|
r-devel-linux-x86_64-debian-clang | 1.1.3 | 21.31 | 173.73 | 195.04 | OK | |
r-devel-linux-x86_64-debian-gcc | 1.1.3 | 14.10 | 119.81 | 133.91 | OK | |
r-devel-linux-x86_64-fedora-clang | 1.1.3 | 305.49 | OK | |||
r-devel-linux-x86_64-fedora-gcc | 1.1.3 | 302.18 | OK | |||
r-devel-windows-x86_64 | 1.1.3 | 2.00 | 5.00 | 7.00 | ERROR | |
r-patched-linux-x86_64 | 1.1.3 | 22.07 | 159.85 | 181.92 | OK | |
r-release-linux-x86_64 | 1.1.3 | 17.28 | 163.68 | 180.96 | OK | |
r-release-macos-arm64 | 1.1.3 | 91.00 | OK | |||
r-release-macos-x86_64 | 1.1.3 | 177.00 | OK | |||
r-release-windows-x86_64 | 1.1.3 | 21.00 | 147.00 | 168.00 | OK | |
r-oldrel-macos-arm64 | 1.1.3 | 84.00 | OK | |||
r-oldrel-macos-x86_64 | 1.1.3 | 126.00 | OK | |||
r-oldrel-windows-x86_64 | 1.1.3 | 27.00 | 194.00 | 221.00 | OK |
Version: 1.1.3
Check: whether package can be installed
Result: ERROR
Installation failed.
Flavor: r-devel-windows-x86_64