Last updated on 2025-10-24 01:50:21 CEST.
| Flavor | Version | Tinstall | Tcheck | Ttotal | Status | Flags |
|---|---|---|---|---|---|---|
| r-devel-linux-x86_64-debian-clang | 1.0.0 | 29.80 | 265.89 | 295.69 | NOTE | |
| r-devel-linux-x86_64-debian-gcc | 1.0.0 | 21.59 | 173.09 | 194.68 | NOTE | |
| r-devel-linux-x86_64-fedora-clang | 1.0.0 | 58.00 | 402.39 | 460.39 | OK | |
| r-devel-linux-x86_64-fedora-gcc | 1.0.0 | 61.00 | 379.70 | 440.70 | OK | |
| r-devel-windows-x86_64 | 1.0.0 | 32.00 | 227.00 | 259.00 | OK | |
| r-patched-linux-x86_64 | 1.0.0 | 29.42 | 251.72 | 281.14 | OK | |
| r-release-linux-x86_64 | 1.0.0 | 28.55 | 250.64 | 279.19 | OK | |
| r-release-macos-arm64 | 1.0.0 | 21.00 | 122.00 | 143.00 | OK | |
| r-release-macos-x86_64 | 1.0.0 | 32.00 | 204.00 | 236.00 | OK | |
| r-release-windows-x86_64 | 1.0.0 | 30.00 | 233.00 | 263.00 | OK | |
| r-oldrel-macos-arm64 | 1.0.0 | 13.00 | 100.00 | 113.00 | OK | |
| r-oldrel-macos-x86_64 | 1.0.0 | 42.00 | 248.00 | 290.00 | OK | |
| r-oldrel-windows-x86_64 | 1.0.0 | 42.00 | 305.00 | 347.00 | OK |
Version: 1.0.0
Check: CRAN incoming feasibility
Result: NOTE
Maintainer: ‘Junyao Jiang <jiangjunyao789@163.com>’
No Authors@R field in DESCRIPTION.
Please add one, modifying
Authors@R: person(given = "Junyao",
family = "Jiang",
role = c("aut", "cre"),
email = "jiangjunyao789@163.com")
as necessary.
Flavors: r-devel-linux-x86_64-debian-clang, r-devel-linux-x86_64-debian-gcc