CRAN Package Check Results for Package CAMML

Last updated on 2025-04-30 01:50:14 CEST.

Flavor Version Tinstall Tcheck Ttotal Status Flags
r-devel-linux-x86_64-debian-clang 1.0.0 36.99 360.21 397.20 NOTE
r-devel-linux-x86_64-debian-gcc 1.0.0 29.47 258.13 287.60 NOTE
r-devel-linux-x86_64-fedora-clang 1.0.0 676.55 OK
r-devel-linux-x86_64-fedora-gcc 1.0.0 660.40 OK
r-devel-windows-x86_64 1.0.0 41.00 332.00 373.00 NOTE
r-patched-linux-x86_64 1.0.0 34.54 338.94 373.48 NOTE
r-release-linux-x86_64 1.0.0 40.78 336.01 376.79 NOTE
r-release-macos-arm64 1.0.0 5.00 ERROR
r-release-macos-x86_64 1.0.0 6.00 ERROR
r-release-windows-x86_64 1.0.0 44.00 317.00 361.00 NOTE
r-oldrel-macos-arm64 1.0.0 10.00 ERROR
r-oldrel-macos-x86_64 1.0.0 259.00 OK
r-oldrel-windows-x86_64 1.0.0 55.00 426.00 481.00 OK

Check Details

Version: 1.0.0
Check: Rd cross-references
Result: NOTE Found the following Rd file(s) with Rd \link{} targets missing package anchors: BuildGeneSets.Rd: edgeR, org.Hs.eg.db, org.Mm.eg.db CAMML.Rd: vamForSeurat ChIMP.Rd: vamForSeurat GetGeneSets.Rd: org.Hs.eg.db, org.Mm.eg.db Please provide package anchors for all Rd \link{} targets not in the package itself and the base packages. Flavors: r-devel-linux-x86_64-debian-clang, r-devel-linux-x86_64-debian-gcc, r-devel-windows-x86_64, r-patched-linux-x86_64, r-release-linux-x86_64, r-release-windows-x86_64

Version: 1.0.0
Check: examples
Result: NOTE Examples with CPU (user + system) or elapsed time > 5s user system elapsed BuildGeneSets 5.855 0.222 7.269 CAMML 5.199 0.206 6.553 ChIMP 4.528 0.152 5.842 GetCAMMLLabels 4.530 0.049 6.244 Flavor: r-devel-linux-x86_64-debian-clang

Version: 1.0.0
Check: examples
Result: NOTE Examples with CPU (user + system) or elapsed time > 5s user system elapsed BuildGeneSets 4.653 0.238 5.878 CAMML 4.375 0.217 5.853 Flavor: r-devel-linux-x86_64-debian-gcc

Version: 1.0.0
Check: package dependencies
Result: ERROR Packages required but not available: 'org.Hs.eg.db', 'org.Dr.eg.db', 'org.Mm.eg.db' See section ‘The DESCRIPTION file’ in the ‘Writing R Extensions’ manual. Flavor: r-release-macos-arm64

Version: 1.0.0
Check: package dependencies
Result: ERROR Packages required but not available: 'org.Dr.eg.db', 'org.Mm.eg.db' See section ‘The DESCRIPTION file’ in the ‘Writing R Extensions’ manual. Flavors: r-release-macos-x86_64, r-oldrel-macos-arm64