CRAN Package Check Results for Package CCI

Last updated on 2025-10-23 01:51:15 CEST.

Flavor Version Tinstall Tcheck Ttotal Status Flags
r-devel-linux-x86_64-debian-clang 0.3.4 17.27 139.24 156.51 NOTE
r-devel-linux-x86_64-debian-gcc 0.3.4 12.35 94.74 107.09 OK
r-devel-linux-x86_64-fedora-clang 0.3.4 36.00 196.94 232.94 OK
r-devel-linux-x86_64-fedora-gcc 0.3.4 29.00 190.58 219.58 OK
r-devel-windows-x86_64 0.3.4 17.00 129.00 146.00 OK
r-patched-linux-x86_64 0.3.4 16.33 127.09 143.42 OK
r-release-linux-x86_64 0.3.4 14.38 128.40 142.78 OK
r-release-macos-arm64 0.3.4 7.00 57.00 64.00 OK
r-release-macos-x86_64 0.3.4 17.00 144.00 161.00 OK
r-release-windows-x86_64 0.3.4 17.00 130.00 147.00 OK
r-oldrel-macos-arm64 0.3.4 8.00 60.00 68.00 OK
r-oldrel-macos-x86_64 0.3.4 16.00 113.00 129.00 OK
r-oldrel-windows-x86_64 0.3.4 24.00 165.00 189.00 OK

Check Details

Version: 0.3.4
Check: top-level files
Result: NOTE Found the following validation problem for the NEWS.Rd HTML conversion: NEWS.html:39:1 (inst/NEWS.Rd:37): Warning: missing </ul> before </div> Flavor: r-devel-linux-x86_64-debian-clang