Last updated on 2025-04-30 02:50:34 CEST.
Flavor | Version | Tinstall | Tcheck | Ttotal | Status | Flags |
---|---|---|---|---|---|---|
r-devel-linux-x86_64-debian-clang | 0.2.1 | 11.19 | 116.08 | 127.27 | NOTE | |
r-devel-linux-x86_64-debian-gcc | 0.2.1 | 7.20 | 76.91 | 84.11 | NOTE | |
r-devel-linux-x86_64-fedora-clang | 0.2.1 | 179.74 | OK | |||
r-devel-linux-x86_64-fedora-gcc | 0.2.1 | 187.19 | OK | |||
r-devel-windows-x86_64 | 0.2.1 | 11.00 | 111.00 | 122.00 | OK | |
r-patched-linux-x86_64 | 0.2.1 | 9.59 | 106.09 | 115.68 | OK | |
r-release-linux-x86_64 | 0.2.1 | 7.97 | 106.01 | 113.98 | OK | |
r-release-macos-arm64 | 0.2.1 | 61.00 | OK | |||
r-release-macos-x86_64 | 0.2.1 | 115.00 | OK | |||
r-release-windows-x86_64 | 0.2.1 | 11.00 | 111.00 | 122.00 | OK | |
r-oldrel-macos-arm64 | 0.2.1 | 49.00 | OK | |||
r-oldrel-macos-x86_64 | 0.2.1 | 87.00 | OK | |||
r-oldrel-windows-x86_64 | 0.2.1 | 12.00 | 139.00 | 151.00 | OK |
Version: 0.2.1
Check: examples
Result: NOTE
Examples with CPU (user + system) or elapsed time > 5s
user system elapsed
plot.CIps 7.186 0.032 9.983
CIps 6.560 0.088 7.479
lmps 6.511 0.036 7.645
summary.lmps 6.463 0.035 9.574
print.CIps 6.444 0.000 7.971
Flavor: r-devel-linux-x86_64-debian-clang
Version: 0.2.1
Check: examples
Result: NOTE
Examples with CPU (user + system) or elapsed time > 5s
user system elapsed
plot.CIps 4.314 0.049 5.793
lmps 3.995 0.135 5.359
Flavor: r-devel-linux-x86_64-debian-gcc