Last updated on 2025-10-25 01:50:55 CEST.
| Flavor | Version | Tinstall | Tcheck | Ttotal | Status | Flags |
|---|---|---|---|---|---|---|
| r-devel-linux-x86_64-debian-clang | 0.1-4 | 2.42 | 23.90 | 26.32 | NOTE | |
| r-devel-linux-x86_64-debian-gcc | 0.1-4 | 1.60 | 19.06 | 20.66 | NOTE | |
| r-devel-linux-x86_64-fedora-clang | 0.1-4 | 38.37 | OK | |||
| r-devel-linux-x86_64-fedora-gcc | 0.1-4 | 36.45 | OK | |||
| r-devel-windows-x86_64 | 0.1-4 | 3.00 | 40.00 | 43.00 | OK | |
| r-patched-linux-x86_64 | 0.1-4 | 2.58 | 22.66 | 25.24 | OK | |
| r-release-linux-x86_64 | 0.1-4 | 1.60 | 22.59 | 24.19 | OK | |
| r-release-macos-arm64 | 0.1-4 | 1.00 | 20.00 | 21.00 | OK | |
| r-release-macos-x86_64 | 0.1-4 | 2.00 | 27.00 | 29.00 | OK | |
| r-release-windows-x86_64 | 0.1-4 | 3.00 | 44.00 | 47.00 | OK | |
| r-oldrel-macos-arm64 | 0.1-4 | 1.00 | 15.00 | 16.00 | OK | |
| r-oldrel-macos-x86_64 | 0.1-4 | 2.00 | 22.00 | 24.00 | OK | |
| r-oldrel-windows-x86_64 | 0.1-4 | 4.00 | 47.00 | 51.00 | OK |
Version: 0.1-4
Check: CRAN incoming feasibility
Result: NOTE
Maintainer: ‘Kevin Quinn <kmq@umich.edu>’
No Authors@R field in DESCRIPTION.
Please add one, modifying
Authors@R: c(person(given = "Adam",
family = "Glynn",
role = "aut",
email = "adam.glynn@emory.edu"),
person(given = "Kevin",
family = "Quinn",
role = c("aut", "cre"),
email = "kmq@umich.edu"))
as necessary.
Flavors: r-devel-linux-x86_64-debian-clang, r-devel-linux-x86_64-debian-gcc