Last updated on 2025-10-24 01:50:23 CEST.
| Flavor | Version | Tinstall | Tcheck | Ttotal | Status | Flags |
|---|---|---|---|---|---|---|
| r-devel-linux-x86_64-debian-clang | 1.2.0 | 17.75 | 155.80 | 173.55 | OK | |
| r-devel-linux-x86_64-debian-gcc | 1.2.0 | 11.62 | 111.02 | 122.64 | OK | |
| r-devel-linux-x86_64-fedora-clang | 1.2.0 | 76.00 | 215.08 | 291.08 | OK | |
| r-devel-linux-x86_64-fedora-gcc | 1.2.0 | 108.00 | 192.44 | 300.44 | OK | |
| r-devel-windows-x86_64 | 1.2.0 | 20.00 | 145.00 | 165.00 | OK | |
| r-patched-linux-x86_64 | 1.2.0 | 15.60 | 150.18 | 165.78 | OK | |
| r-release-linux-x86_64 | 1.2.0 | 14.81 | 149.31 | 164.12 | OK | |
| r-release-macos-arm64 | 1.2.0 | 7.00 | 68.00 | 75.00 | OK | |
| r-release-macos-x86_64 | 1.2.0 | 16.00 | 147.00 | 163.00 | OK | |
| r-release-windows-x86_64 | 1.2.0 | 20.00 | 147.00 | 167.00 | OK | |
| r-oldrel-macos-arm64 | 1.2.0 | 7.00 | 66.00 | 73.00 | NOTE | |
| r-oldrel-macos-x86_64 | 1.2.0 | 10.00 | 96.00 | 106.00 | NOTE | |
| r-oldrel-windows-x86_64 | 1.2.0 | 26.00 | 200.00 | 226.00 | NOTE |
Version: 1.2.0
Check: installed package size
Result: NOTE
installed size is 5.1Mb
sub-directories of 1Mb or more:
doc 4.4Mb
Flavors: r-oldrel-macos-arm64, r-oldrel-macos-x86_64, r-oldrel-windows-x86_64