CRAN Package Check Results for Package DES

Last updated on 2025-10-15 01:49:47 CEST.

Flavor Version Tinstall Tcheck Ttotal Status Flags
r-devel-linux-x86_64-debian-clang 1.0.0 1.28 20.35 21.63 NOTE
r-devel-linux-x86_64-debian-gcc 1.0.0 1.47 17.15 18.62 NOTE
r-devel-linux-x86_64-fedora-clang 1.0.0 30.17 OK
r-devel-linux-x86_64-fedora-gcc 1.0.0 29.06 OK
r-devel-windows-x86_64 1.0.0 2.00 39.00 41.00 OK
r-patched-linux-x86_64 1.0.0 1.46 17.98 19.44 OK
r-release-linux-x86_64 1.0.0 1.45 18.27 19.72 OK
r-release-macos-arm64 1.0.0 16.00 OK
r-release-macos-x86_64 1.0.0 22.00 OK
r-release-windows-x86_64 1.0.0 2.00 38.00 40.00 OK
r-oldrel-macos-arm64 1.0.0 13.00 OK
r-oldrel-macos-x86_64 1.0.0 21.00 OK
r-oldrel-windows-x86_64 1.0.0 3.00 38.00 41.00 OK

Check Details

Version: 1.0.0
Check: CRAN incoming feasibility
Result: NOTE Maintainer: ‘Norm Matloff <normmatloff@gmail.com>’ No Authors@R field in DESCRIPTION. Please add one, modifying Authors@R: person(given = "Norm", family = "Matloff", role = c("aut", "cre"), email = "normmatloff@gmail.com") as necessary. Flavors: r-devel-linux-x86_64-debian-clang, r-devel-linux-x86_64-debian-gcc