CRAN Package Check Results for Package DGEobj.utils

Last updated on 2025-10-23 02:49:52 CEST.

Flavor Version Tinstall Tcheck Ttotal Status Flags
r-devel-linux-x86_64-debian-clang 1.0.6 5.28 129.91 135.19 NOTE
r-devel-linux-x86_64-debian-gcc 1.0.6 3.77 91.29 95.06 NOTE
r-devel-linux-x86_64-fedora-clang 1.0.6 20.00 211.58 231.58 NOTE
r-devel-linux-x86_64-fedora-gcc 1.0.6 37.00 212.50 249.50 NOTE
r-devel-windows-x86_64 1.0.6 7.00 150.00 157.00 NOTE
r-patched-linux-x86_64 1.0.6 5.09 118.19 123.28 NOTE
r-release-linux-x86_64 1.0.6 4.60 117.72 122.32 NOTE
r-release-macos-arm64 1.0.6 2.00 35.00 37.00 NOTE
r-release-macos-x86_64 1.0.6 7.00 54.00 61.00 NOTE
r-release-windows-x86_64 1.0.6 8.00 156.00 164.00 NOTE
r-oldrel-macos-arm64 1.0.6 3.00 32.00 35.00 NOTE
r-oldrel-macos-x86_64 1.0.6 4.00 145.00 149.00 NOTE
r-oldrel-windows-x86_64 1.0.6 9.00 189.00 198.00 NOTE

Check Details

Version: 1.0.6
Check: Rd files
Result: NOTE checkRd: (-1) runContrasts.Rd:79: Lost braces in \itemize; meant \describe ? checkRd: (-1) runContrasts.Rd:80: Lost braces in \itemize; meant \describe ? checkRd: (-1) runContrasts.Rd:81: Lost braces in \itemize; meant \describe ? checkRd: (-1) runContrasts.Rd:82: Lost braces in \itemize; meant \describe ? Flavors: r-devel-linux-x86_64-debian-clang, r-devel-linux-x86_64-debian-gcc, r-devel-linux-x86_64-fedora-clang, r-devel-linux-x86_64-fedora-gcc, r-devel-windows-x86_64, r-patched-linux-x86_64, r-release-linux-x86_64, r-release-macos-arm64, r-release-macos-x86_64, r-release-windows-x86_64, r-oldrel-macos-arm64, r-oldrel-macos-x86_64, r-oldrel-windows-x86_64

Version: 1.0.6
Check: package dependencies
Result: NOTE Package suggested but not available for checking: ‘zFPKM’ Flavor: r-oldrel-macos-arm64