CRAN Package Check Results for Package DPpack

Last updated on 2025-04-30 02:50:37 CEST.

Flavor Version Tinstall Tcheck Ttotal Status Flags
r-devel-linux-x86_64-debian-clang 0.2.2 29.02 49.67 78.69 OK
r-devel-linux-x86_64-debian-gcc 0.2.2 17.34 34.58 51.92 OK
r-devel-linux-x86_64-fedora-clang 0.2.2 128.03 NOTE
r-devel-linux-x86_64-fedora-gcc 0.2.2 118.93 NOTE
r-devel-windows-x86_64 0.2.2 29.00 75.00 104.00 OK
r-patched-linux-x86_64 0.2.2 29.21 46.83 76.04 OK
r-release-linux-x86_64 0.2.2 29.78 46.38 76.16 OK
r-release-macos-arm64 0.2.2 39.00 OK
r-release-macos-x86_64 0.2.2 66.00 OK
r-release-windows-x86_64 0.2.2 29.00 74.00 103.00 OK
r-oldrel-macos-arm64 0.2.2 35.00 OK
r-oldrel-macos-x86_64 0.2.2 63.00 OK
r-oldrel-windows-x86_64 0.2.2 37.00 86.00 123.00 OK

Check Details

Version: 0.2.2
Check: dependencies in R code
Result: NOTE Namespaces in Imports field not imported from: ‘R6’ ‘dplyr’ ‘ggplot2’ ‘nloptr’ All declared Imports should be used. Flavors: r-devel-linux-x86_64-fedora-clang, r-devel-linux-x86_64-fedora-gcc