CRAN Package Check Results for Package DiPALM

Last updated on 2025-11-02 02:50:43 CET.

Flavor Version Tinstall Tcheck Ttotal Status Flags
r-devel-linux-x86_64-debian-clang 1.2 24.66 232.57 257.23 NOTE
r-devel-linux-x86_64-debian-gcc 1.2 19.15 164.09 183.24 NOTE
r-devel-linux-x86_64-fedora-clang 1.2 190.00 245.54 435.54 OK
r-devel-linux-x86_64-fedora-gcc 1.2 193.00 207.81 400.81 OK
r-devel-windows-x86_64 1.2 25.00 195.00 220.00 OK
r-patched-linux-x86_64 1.2 27.42 217.07 244.49 OK
r-release-linux-x86_64 1.2 24.69 220.61 245.30 OK
r-release-macos-arm64 1.2 14.00 96.00 110.00 OK
r-release-macos-x86_64 1.2 24.00 186.00 210.00 OK
r-release-windows-x86_64 1.2 26.00 192.00 218.00 OK
r-oldrel-macos-arm64 1.2 12.00 85.00 97.00 OK
r-oldrel-macos-x86_64 1.2 22.00 150.00 172.00 OK
r-oldrel-windows-x86_64 1.2 36.00 264.00 300.00 OK

Check Details

Version: 1.2
Check: CRAN incoming feasibility
Result: NOTE Maintainer: ‘Ryan C. Sartor <sartorry@gmail.com>’ No Authors@R field in DESCRIPTION. Please add one, modifying Authors@R: c(person(given = c("Ryan", "C."), family = "Sartor", role = c("aut", "cre"), email = "sartorry@gmail.com"), person(given = "Kathleen", family = "Greenham", role = "aut", email = "greenham@umn.edu")) as necessary. Package CITATION file contains call(s) to old-style citEntry(). Please use bibentry() instead. Flavors: r-devel-linux-x86_64-debian-clang, r-devel-linux-x86_64-debian-gcc