Last updated on 2025-05-03 01:50:57 CEST.
Flavor | Version | Tinstall | Tcheck | Ttotal | Status | Flags |
---|---|---|---|---|---|---|
r-devel-linux-x86_64-debian-clang | 1.2.1 | 7.19 | 91.14 | 98.33 | OK | |
r-devel-linux-x86_64-debian-gcc | 1.2.1 | 4.43 | 64.95 | 69.38 | OK | |
r-devel-linux-x86_64-fedora-clang | 1.2.1 | 163.71 | OK | |||
r-devel-linux-x86_64-fedora-gcc | 1.2.1 | 159.01 | OK | |||
r-devel-windows-x86_64 | 1.2.1 | 8.00 | 118.00 | 126.00 | OK | |
r-patched-linux-x86_64 | 1.2.1 | 6.42 | 59.54 | 65.96 | ERROR | |
r-release-linux-x86_64 | OK | |||||
r-release-macos-arm64 | 1.2.1 | 76.00 | OK | |||
r-release-macos-x86_64 | 1.2.1 | 184.00 | OK | |||
r-release-windows-x86_64 | 1.2.1 | 9.00 | 123.00 | 132.00 | OK | |
r-oldrel-macos-arm64 | 1.2.1 | 67.00 | NOTE | |||
r-oldrel-macos-x86_64 | 1.2.1 | 93.00 | NOTE | |||
r-oldrel-windows-x86_64 | 1.2.1 | 11.00 | 147.00 | 158.00 | NOTE |
Version: 1.2.1
Check: re-building of vignette outputs
Result: ERROR
Error(s) in re-building vignettes:
...
--- re-building ‘EHRtemporalVariability.Rmd’ using rmarkdown
Quitting from EHRtemporalVariability.Rmd:97-105 [EHRtemporalVariabilityObj1]
~~~~~~~~~~~~~~~~~~~~~~~~~~~~~~~~~~~~~~~~~~~~~~~~~~~~~~~~~~~~~~~~~~~~~~~~~~~~~~~~
<error/rlang_error>
Error in `load()`:
! cannot open the connection to 'https://github.com/hms-dbmi/EHRtemporalVariability-DataExamples/raw/master/variabilityDemoNHDS.RData'
---
Backtrace:
▆
1. └─base::load(url(githubURL))
~~~~~~~~~~~~~~~~~~~~~~~~~~~~~~~~~~~~~~~~~~~~~~~~~~~~~~~~~~~~~~~~~~~~~~~~~~~~~~~~
Error: processing vignette 'EHRtemporalVariability.Rmd' failed with diagnostics:
cannot open the connection to 'https://github.com/hms-dbmi/EHRtemporalVariability-DataExamples/raw/master/variabilityDemoNHDS.RData'
--- failed re-building ‘EHRtemporalVariability.Rmd’
SUMMARY: processing the following file failed:
‘EHRtemporalVariability.Rmd’
Error: Vignette re-building failed.
Execution halted
Flavor: r-patched-linux-x86_64
Version: 1.2.1
Check: installed package size
Result: NOTE
installed size is 10.4Mb
sub-directories of 1Mb or more:
doc 5.1Mb
extdata 5.1Mb
Flavors: r-oldrel-macos-arm64, r-oldrel-macos-x86_64, r-oldrel-windows-x86_64