CRAN Package Check Results for Package FGLMtrunc

Last updated on 2025-04-30 01:50:19 CEST.

Flavor Version Tinstall Tcheck Ttotal Status Flags
r-devel-linux-x86_64-debian-clang 0.1.0 32.96 305.10 338.06 NOTE
r-devel-linux-x86_64-debian-gcc 0.1.0 24.83 342.86 367.69 NOTE
r-devel-linux-x86_64-fedora-clang 0.1.0 419.35 NOTE
r-devel-linux-x86_64-fedora-gcc 0.1.0 636.38 NOTE
r-devel-windows-x86_64 0.1.0 38.00 231.00 269.00 NOTE
r-patched-linux-x86_64 0.1.0 34.19 416.06 450.25 NOTE
r-release-linux-x86_64 0.1.0 34.20 398.76 432.96 NOTE
r-release-macos-arm64 0.1.0 148.00 NOTE
r-release-macos-x86_64 0.1.0 277.00 NOTE
r-release-windows-x86_64 0.1.0 41.00 239.00 280.00 NOTE
r-oldrel-macos-arm64 0.1.0 148.00 NOTE
r-oldrel-macos-x86_64 0.1.0 187.00 NOTE
r-oldrel-windows-x86_64 0.1.0 44.00 305.00 349.00 NOTE

Check Details

Version: 0.1.0
Check: C++ specification
Result: NOTE Specified C++11: please drop specification unless essential Flavors: r-devel-linux-x86_64-debian-clang, r-devel-linux-x86_64-debian-gcc, r-devel-linux-x86_64-fedora-clang, r-devel-linux-x86_64-fedora-gcc, r-devel-windows-x86_64, r-patched-linux-x86_64, r-release-linux-x86_64, r-release-macos-arm64, r-release-macos-x86_64, r-release-windows-x86_64, r-oldrel-macos-arm64, r-oldrel-macos-x86_64, r-oldrel-windows-x86_64