CRAN Package Check Results for Package FastSF

Last updated on 2025-04-30 02:50:38 CEST.

Flavor Version Tinstall Tcheck Ttotal Status Flags
r-devel-linux-x86_64-debian-clang 0.1.1 57.76 27.31 85.07 NOTE
r-devel-linux-x86_64-debian-gcc 0.1.1 38.97 22.08 61.05 NOTE
r-devel-linux-x86_64-fedora-clang 0.1.1 164.18 OK
r-devel-linux-x86_64-fedora-gcc 0.1.1 154.18 OK
r-devel-windows-x86_64 0.1.1 63.00 79.00 142.00 OK
r-patched-linux-x86_64 0.1.1 54.75 27.12 81.87 OK
r-release-linux-x86_64 0.1.1 52.94 27.59 80.53 OK
r-release-macos-arm64 0.1.1 47.00 OK
r-release-macos-x86_64 0.1.1 52.00 OK
r-release-windows-x86_64 0.1.1 64.00 83.00 147.00 OK
r-oldrel-macos-arm64 0.1.1 39.00 NOTE
r-oldrel-macos-x86_64 0.1.1 54.00 NOTE
r-oldrel-windows-x86_64 0.1.1 71.00 81.00 152.00 NOTE

Check Details

Version: 0.1.1
Check: CRAN incoming feasibility
Result: NOTE Maintainer: ‘Canhong Wen <wencanhong@gmail.com>’ No Authors@R field in DESCRIPTION. Please add one, modifying Authors@R: c(person(given = "Canhong", family = "Wen", role = c("aut", "cre"), email = "wencanhong@gmail.com"), person(given = "Xueqin", family = "Wang", role = "aut"), person(given = "Yanhe", family = "Shen", role = "aut"), person(given = "Aijun", family = "Zhang", role = "aut")) as necessary. Flavors: r-devel-linux-x86_64-debian-clang, r-devel-linux-x86_64-debian-gcc

Version: 0.1.1
Check: LazyData
Result: NOTE 'LazyData' is specified without a 'data' directory Flavors: r-oldrel-macos-arm64, r-oldrel-macos-x86_64, r-oldrel-windows-x86_64