Last updated on 2025-10-24 01:50:26 CEST.
| Flavor | Version | Tinstall | Tcheck | Ttotal | Status | Flags |
|---|---|---|---|---|---|---|
| r-devel-linux-x86_64-debian-clang | 1.1.0 | 1.95 | 22.42 | 24.37 | NOTE | |
| r-devel-linux-x86_64-debian-gcc | 1.1.0 | 1.67 | 17.73 | 19.40 | OK | |
| r-devel-linux-x86_64-fedora-clang | 1.1.0 | 35.48 | OK | |||
| r-devel-linux-x86_64-fedora-gcc | 1.1.0 | 34.20 | OK | |||
| r-devel-windows-x86_64 | 1.1.0 | 4.00 | 43.00 | 47.00 | OK | |
| r-patched-linux-x86_64 | 1.1.0 | 2.10 | 20.87 | 22.97 | OK | |
| r-release-linux-x86_64 | 1.1.0 | 2.00 | 20.96 | 22.96 | OK | |
| r-release-macos-arm64 | 1.1.0 | 1.00 | 16.00 | 17.00 | OK | |
| r-release-macos-x86_64 | 1.1.0 | 2.00 | 25.00 | 27.00 | OK | |
| r-release-windows-x86_64 | 1.1.0 | 4.00 | 45.00 | 49.00 | OK | |
| r-oldrel-macos-arm64 | 1.1.0 | 1.00 | 19.00 | 20.00 | OK | |
| r-oldrel-macos-x86_64 | 1.1.0 | 2.00 | 19.00 | 21.00 | OK | |
| r-oldrel-windows-x86_64 | 1.1.0 | 3.00 | 43.00 | 46.00 | OK |
Version: 1.1.0
Check: HTML version of manual
Result: NOTE
Found the following HTML validation problems:
plot.CovCv.html:51:1 (plot.CovCv.Rd:12): Warning: missing </ul> before </div>
print.CovCv.html:51:1 (print.CovCv.Rd:12): Warning: missing </ul> before </div>
summary.CovCv.html:51:1 (summary.CovCv.Rd:12): Warning: missing </ul> before </div>
Flavor: r-devel-linux-x86_64-debian-clang