CRAN Package Check Results for Package FindIt

Last updated on 2025-10-23 02:49:54 CEST.

Flavor Version Tinstall Tcheck Ttotal Status Flags
r-devel-linux-x86_64-debian-clang 1.3.0 15.30 108.75 124.05 NOTE
r-devel-linux-x86_64-debian-gcc 1.3.0 10.48 74.85 85.33 OK
r-devel-linux-x86_64-fedora-clang 1.3.0 37.00 156.56 193.56 OK
r-devel-linux-x86_64-fedora-gcc 1.3.0 38.00 152.37 190.37 OK
r-devel-windows-x86_64 1.3.0 16.00 106.00 122.00 OK
r-patched-linux-x86_64 1.3.0 16.45 104.34 120.79 OK
r-release-linux-x86_64 1.3.0 15.57 104.70 120.27 OK
r-release-macos-arm64 1.3.0 7.00 42.00 49.00 OK
r-release-macos-x86_64 1.3.0 22.00 142.00 164.00 OK
r-release-windows-x86_64 1.3.0 19.00 105.00 124.00 OK
r-oldrel-macos-arm64 1.3.0 8.00 47.00 55.00 OK
r-oldrel-macos-x86_64 1.3.0 30.00 118.00 148.00 OK
r-oldrel-windows-x86_64 1.3.0 24.00 137.00 161.00 OK

Check Details

Version: 1.3.0
Check: HTML version of manual
Result: NOTE Found the following HTML validation problems: plot.CausalANOVA.html:79:1 (plot.CausalANOVA.Rd:30): Warning: missing </ul> before </div> summary.CausalANOVA.html:63:1 (summary.CausalANOVA.Rd:18): Warning: missing </ul> before </div> summary.FindIt.html:51:1 (summary.FindIt.Rd:12): Warning: missing </ul> before </div> Flavor: r-devel-linux-x86_64-debian-clang