Last updated on 2025-10-22 01:51:25 CEST.
Flavor | Version | Tinstall | Tcheck | Ttotal | Status | Flags |
---|---|---|---|---|---|---|
r-devel-linux-x86_64-debian-clang | 1.0.1 | 2.14 | 21.05 | 23.19 | NOTE | |
r-devel-linux-x86_64-debian-gcc | 1.0.1 | 1.92 | 17.95 | 19.87 | NOTE | |
r-devel-linux-x86_64-fedora-clang | 1.0.1 | 32.23 | NOTE | |||
r-devel-linux-x86_64-fedora-gcc | 1.0.1 | 30.96 | NOTE | |||
r-devel-windows-x86_64 | 1.0.1 | 4.00 | 37.00 | 41.00 | OK | |
r-patched-linux-x86_64 | 1.0.1 | 2.53 | 18.61 | 21.14 | OK | |
r-release-linux-x86_64 | 1.0.1 | 2.40 | 18.75 | 21.15 | OK | |
r-release-macos-arm64 | 1.0.1 | 1.00 | 21.00 | 22.00 | OK | |
r-release-macos-x86_64 | 1.0.1 | 3.00 | 25.00 | 28.00 | OK | |
r-release-windows-x86_64 | 1.0.1 | 4.00 | 39.00 | 43.00 | OK | |
r-oldrel-macos-arm64 | 1.0.1 | 1.00 | 20.00 | 21.00 | OK | |
r-oldrel-macos-x86_64 | 1.0.1 | 2.00 | 22.00 | 24.00 | OK | |
r-oldrel-windows-x86_64 | 1.0.1 | 5.00 | 45.00 | 50.00 | OK |
Version: 1.0.1
Check: HTML version of manual
Result: NOTE
Found the following HTML validation problems:
FormShare.html:167:1 (FormShare.Rd:114): Warning: <h5> anchor "Usage" already defined
FormShare.html:183:1 (FormShare.Rd:124): Warning: <h5> anchor "Usage" already defined
FormShare.html:189:1 (FormShare.Rd:128): Warning: <h5> anchor "Arguments" already defined
FormShare.html:212:1 (FormShare.Rd:141): Warning: <h5> anchor "Usage" already defined
FormShare.html:228:1 (FormShare.Rd:151): Warning: <h5> anchor "Usage" already defined
FormShare.html:234:1 (FormShare.Rd:155): Warning: <h5> anchor "Arguments" already defined
FormShare.html:257:1 (FormShare.Rd:168): Warning: <h5> anchor "Usage" already defined
FormShare.html:273:1 (FormShare.Rd:178): Warning: <h5> anchor "Usage" already defined
FormShare.html:279:1 (FormShare.Rd:182): Warning: <h5> anchor "Arguments" already defined
FormShare.html:302:1 (FormShare.Rd:195): Warning: <h5> anchor "Usage" already defined
FormShare.html:308:1 (FormShare.Rd:199): Warning: <h5> anchor "Returns" already defined
FormShare.html:325:1 (FormShare.Rd:208): Warning: <h5> anchor "Usage" already defined
FormShare.html:331:1 (FormShare.Rd:212): Warning: <h5> anchor "Returns" already defined
FormShare.html:348:1 (FormShare.Rd:221): Warning: <h5> anchor "Usage" already defined
FormShare.html:354:1 (FormShare.Rd:225): Warning: <h5> anchor "Arguments" already defined
FormShare.html:367:1 (FormShare.Rd:232): Warning: <h5> anchor "Returns" already defined
FormShare.html:384:1 (FormShare.Rd:241): Warning: <h5> anchor "Usage" already defined
FormShare.html:390:1 (FormShare.Rd:245): Warning: <h5> anchor "Arguments" already defined
FormShare.html:405:1 (FormShare.Rd:254): Warning: <h5> anchor "Returns" already defined
FormShare.html:422:1 (FormShare.Rd:263): Warning: <h5> anchor "Usage" already defined
FormShare.html:428:1 (FormShare.Rd:267): Warning: <h5> anchor "Arguments" already defined
FormShare.html:443:1 (FormShare.Rd:276): Warning: <h5> anchor "Returns" already defined
FormShare.html:460:1 (FormShare.Rd:285): Warning: <h5> anchor "Usage" already defined
FormShare.html:466:1 (FormShare.Rd:289): Warning: <h5> anchor "Arguments" already defined
FormShare.html:481:1 (FormShare.Rd:298): Warning: <h5> anchor "Returns" already defined
FormShare.html:498:1 (FormShare.Rd:307): Warning: <h5> anchor "Usage" already defined
FormShare.html:504:1 (FormShare.Rd:311): Warning: <h5> anchor "Arguments" already defined
Flavors: r-devel-linux-x86_64-debian-clang, r-devel-linux-x86_64-debian-gcc
Version: 1.0.1
Check: dependencies in R code
Result: NOTE
Namespaces in Imports field not imported from:
‘R6’ ‘httr’ ‘jsonlite’
All declared Imports should be used.
Flavors: r-devel-linux-x86_64-fedora-clang, r-devel-linux-x86_64-fedora-gcc