Last updated on 2025-10-22 01:51:26 CEST.
Flavor | Version | Tinstall | Tcheck | Ttotal | Status | Flags |
---|---|---|---|---|---|---|
r-devel-linux-x86_64-debian-clang | 4.1.4 | 2.60 | 42.84 | 45.44 | NOTE | |
r-devel-linux-x86_64-debian-gcc | 4.1.4 | 2.08 | 33.79 | 35.87 | NOTE | |
r-devel-linux-x86_64-fedora-clang | 4.1.4 | 63.78 | OK | |||
r-devel-linux-x86_64-fedora-gcc | 4.1.4 | 74.95 | OK | |||
r-devel-windows-x86_64 | 4.1.4 | 4.00 | 52.00 | 56.00 | OK | |
r-patched-linux-x86_64 | 4.1.4 | 2.53 | 38.93 | 41.46 | OK | |
r-release-linux-x86_64 | 4.1.4 | 2.44 | 38.40 | 40.84 | OK | |
r-release-macos-arm64 | 4.1.4 | 2.00 | 76.00 | 78.00 | OK | |
r-release-macos-x86_64 | 4.1.4 | 2.00 | 49.00 | 51.00 | OK | |
r-release-windows-x86_64 | 4.1.4 | 6.00 | 54.00 | 60.00 | OK | |
r-oldrel-macos-arm64 | 4.1.4 | 1.00 | 28.00 | 29.00 | OK | |
r-oldrel-macos-x86_64 | 4.1.4 | 3.00 | 60.00 | 63.00 | OK | |
r-oldrel-windows-x86_64 | 4.1.4 | 6.00 | 61.00 | 67.00 | OK |
Version: 4.1.4
Check: HTML version of manual
Result: NOTE
Found the following HTML validation problems:
print.GSODR.Info.html:51:1 (print.GSODR.Info.Rd:12): Warning: missing </ul> before </div>
Flavors: r-devel-linux-x86_64-debian-clang, r-devel-linux-x86_64-debian-gcc