Last updated on 2025-05-01 01:49:33 CEST.
Flavor | Version | Tinstall | Tcheck | Ttotal | Status | Flags |
---|---|---|---|---|---|---|
r-devel-linux-x86_64-debian-clang | 1.0.0 | 28.32 | 66.62 | 94.94 | OK | |
r-devel-linux-x86_64-debian-gcc | 1.0.0 | 22.43 | 51.31 | 73.74 | OK | |
r-devel-linux-x86_64-fedora-clang | 1.0.0 | 153.22 | OK | |||
r-devel-linux-x86_64-fedora-gcc | 1.0.0 | 157.07 | OK | |||
r-devel-windows-x86_64 | 1.0.0 | 32.00 | 93.00 | 125.00 | OK | |
r-patched-linux-x86_64 | 1.0.0 | 29.66 | 63.81 | 93.47 | OK | |
r-release-linux-x86_64 | 1.0.0 | 29.80 | 64.74 | 94.54 | OK | |
r-release-macos-arm64 | 1.0.0 | 49.00 | OK | |||
r-release-macos-x86_64 | 1.0.0 | 101.00 | OK | |||
r-release-windows-x86_64 | 1.0.0 | 33.00 | 94.00 | 127.00 | OK | |
r-oldrel-macos-arm64 | 1.0.0 | 46.00 | NOTE | |||
r-oldrel-macos-x86_64 | 1.0.0 | 83.00 | NOTE | |||
r-oldrel-windows-x86_64 | 1.0.0 | 36.00 | 111.00 | 147.00 | NOTE |
Version: 1.0.0
Check: installed package size
Result: NOTE
installed size is 12.7Mb
sub-directories of 1Mb or more:
extdata 4.5Mb
libs 8.1Mb
Flavors: r-oldrel-macos-arm64, r-oldrel-macos-x86_64, r-oldrel-windows-x86_64