Last updated on 2025-04-30 01:50:20 CEST.
Flavor | Version | Tinstall | Tcheck | Ttotal | Status | Flags |
---|---|---|---|---|---|---|
r-devel-linux-x86_64-debian-clang | 0.2.0 | 7.22 | 1571.25 | 1578.47 | NOTE | |
r-devel-linux-x86_64-debian-gcc | 0.2.0 | 5.17 | 891.86 | 897.03 | NOTE | |
r-devel-linux-x86_64-fedora-clang | 0.2.0 | 2806.40 | OK | |||
r-devel-linux-x86_64-fedora-gcc | 0.2.0 | 1280.09 | OK | |||
r-devel-windows-x86_64 | 0.2.0 | 9.00 | 1214.00 | 1223.00 | OK | |
r-patched-linux-x86_64 | 0.2.0 | 7.28 | 1424.02 | 1431.30 | OK | |
r-release-linux-x86_64 | 0.2.0 | 5.30 | 1417.29 | 1422.59 | OK | |
r-release-macos-arm64 | 0.2.0 | 481.00 | OK | |||
r-release-macos-x86_64 | 0.2.0 | 1204.00 | OK | |||
r-release-windows-x86_64 | 0.2.0 | 9.00 | 1158.00 | 1167.00 | OK | |
r-oldrel-macos-arm64 | 0.2.0 | 504.00 | OK | |||
r-oldrel-macos-x86_64 | 0.2.0 | 874.00 | OK | |||
r-oldrel-windows-x86_64 | 0.2.0 | 11.00 | 1617.00 | 1628.00 | OK |
Version: 0.2.0
Check: examples
Result: NOTE
Examples with CPU (user + system) or elapsed time > 5s
user system elapsed
GeoTox 18.624 0.254 24.495
sensitivity_analysis 8.593 0.050 10.350
plot_exposure 7.925 0.118 11.008
compute_sensitivity 5.466 0.000 9.042
plot_hill 4.739 0.032 6.284
Flavor: r-devel-linux-x86_64-debian-clang
Version: 0.2.0
Check: examples
Result: NOTE
Examples with CPU (user + system) or elapsed time > 5s
user system elapsed
GeoTox 11.693 0.217 13.379
sensitivity_analysis 5.705 0.004 6.538
plot_exposure 5.260 0.039 5.879
Flavor: r-devel-linux-x86_64-debian-gcc