Last updated on 2025-05-06 02:50:22 CEST.
Flavor | Version | Tinstall | Tcheck | Ttotal | Status | Flags |
---|---|---|---|---|---|---|
r-devel-linux-x86_64-debian-clang | 1.5 | 2.49 | 20.27 | 22.76 | NOTE | |
r-devel-linux-x86_64-debian-gcc | 1.6 | 1.67 | 16.81 | 18.48 | OK | |
r-devel-linux-x86_64-fedora-clang | 1.6 | 35.73 | OK | |||
r-devel-linux-x86_64-fedora-gcc | 1.6 | 34.82 | OK | |||
r-devel-windows-x86_64 | 1.6 | 4.00 | 41.00 | 45.00 | OK | |
r-patched-linux-x86_64 | 1.5 | 2.36 | 19.66 | 22.02 | OK | |
r-release-linux-x86_64 | 1.5 | 2.30 | 19.59 | 21.89 | OK | |
r-release-macos-arm64 | 1.6 | 26.00 | OK | |||
r-release-macos-x86_64 | 1.6 | 25.00 | OK | |||
r-release-windows-x86_64 | 1.6 | 7.00 | 59.00 | 66.00 | OK | |
r-oldrel-macos-arm64 | 1.6 | 23.00 | OK | |||
r-oldrel-macos-x86_64 | 1.6 | 30.00 | OK | |||
r-oldrel-windows-x86_64 | 1.6 | 6.00 | 48.00 | 54.00 | OK |
Version: 1.5
Check: CRAN incoming feasibility
Result: NOTE
Maintainer: ‘Shannon T. Holloway <shannon.t.holloway@gmail.com>’
No Authors@R field in DESCRIPTION.
Please add one, modifying
Authors@R: c(person(given = c("Emil", "A."),
family = "Cornea",
role = "aut"),
person(given = c("Liddy", "M."),
family = "Chen",
role = "aut"),
person(given = c("Bahjat", "F."),
family = "Qaqish",
role = "aut"),
person(given = "Haitao",
family = "Chu",
role = "aut"),
person(given = c("Joseph", "G."),
family = "Ibrahim",
role = "aut"),
person(given = c("Shannon", "T."),
family = "Holloway",
role = "cre",
email = "shannon.t.holloway@gmail.com"))
as necessary.
Flavor: r-devel-linux-x86_64-debian-clang