CRAN Package Check Results for Package M3

Last updated on 2025-10-26 01:49:53 CEST.

Flavor Version Tinstall Tcheck Ttotal Status Flags
r-devel-linux-x86_64-debian-clang 0.4 7.93 47.20 55.13 NOTE
r-devel-linux-x86_64-debian-gcc 0.4 6.41 36.45 42.86 NOTE
r-devel-linux-x86_64-fedora-clang 0.4 19.00 66.96 85.96 OK
r-devel-linux-x86_64-fedora-gcc 0.4 21.00 65.78 86.78 OK
r-devel-windows-x86_64 0.4 10.00 62.00 72.00 OK
r-patched-linux-x86_64 0.4 8.48 45.40 53.88 OK
r-release-linux-x86_64 0.4 8.20 45.67 53.87 OK
r-release-macos-arm64 0.4 5.00 29.00 34.00 OK
r-release-macos-x86_64 0.4 9.00 44.00 53.00 OK
r-release-windows-x86_64 0.4 9.00 66.00 75.00 OK
r-oldrel-macos-arm64 0.4 5.00 26.00 31.00 OK
r-oldrel-macos-x86_64 0.4 9.00 48.00 57.00 OK
r-oldrel-windows-x86_64 0.4 12.00 77.00 89.00 OK

Check Details

Version: 0.4
Check: CRAN incoming feasibility
Result: NOTE Maintainer: ‘Jenise Swall <jswall@vcu.edu>’ No Authors@R field in DESCRIPTION. Please add one, modifying Authors@R: person(given = "Jenise", family = "Swall", role = c("aut", "cre"), email = "jswall@vcu.edu") as necessary. Flavors: r-devel-linux-x86_64-debian-clang, r-devel-linux-x86_64-debian-gcc