Last updated on 2025-10-26 01:49:53 CEST.
| Flavor | Version | Tinstall | Tcheck | Ttotal | Status | Flags |
|---|---|---|---|---|---|---|
| r-devel-linux-x86_64-debian-clang | 1.1.7 | 126.11 | 188.92 | 315.03 | OK | |
| r-devel-linux-x86_64-debian-gcc | 1.1.7 | 108.09 | 149.49 | 257.58 | OK | |
| r-devel-linux-x86_64-fedora-clang | 1.1.7 | 244.00 | 243.33 | 487.33 | OK | |
| r-devel-linux-x86_64-fedora-gcc | 1.1.7 | 477.00 | 107.25 | 584.25 | OK | |
| r-devel-windows-x86_64 | 1.1.7 | 136.00 | 245.00 | 381.00 | OK | |
| r-patched-linux-x86_64 | 1.1.7 | 136.83 | 195.53 | 332.36 | OK | |
| r-release-linux-x86_64 | 1.1.7 | 139.24 | 197.39 | 336.63 | OK | |
| r-release-macos-arm64 | 1.1.7 | 47.00 | 78.00 | 125.00 | OK | |
| r-release-macos-x86_64 | 1.1.7 | 109.00 | 152.00 | 261.00 | OK | |
| r-release-windows-x86_64 | 1.1.7 | 139.00 | 232.00 | 371.00 | OK | |
| r-oldrel-macos-arm64 | 1.1.7 | 25.00 | 51.00 | 76.00 | NOTE | |
| r-oldrel-macos-x86_64 | 1.1.7 | 48.00 | 85.00 | 133.00 | NOTE | |
| r-oldrel-windows-x86_64 | 1.1.7 | 160.00 | 288.00 | 448.00 | NOTE |
Version: 1.1.7
Check: installed package size
Result: NOTE
installed size is 38.1Mb
sub-directories of 1Mb or more:
libs 37.7Mb
Flavors: r-oldrel-macos-arm64, r-oldrel-macos-x86_64
Version: 1.1.7
Check: for GNU extensions in Makefiles
Result: NOTE
GNU make is a SystemRequirements.
Flavors: r-oldrel-macos-arm64, r-oldrel-macos-x86_64, r-oldrel-windows-x86_64