CRAN Package Check Results for Package MB

Last updated on 2025-10-27 02:49:29 CET.

Flavor Version Tinstall Tcheck Ttotal Status Flags
r-devel-linux-x86_64-debian-clang 0.1.1 2.08 22.27 24.35 OK
r-devel-linux-x86_64-debian-gcc 0.1.1 1.59 18.07 19.66 OK
r-devel-linux-x86_64-fedora-clang 0.1.1 39.08 NOTE
r-devel-linux-x86_64-fedora-gcc 0.1.1 52.24 NOTE
r-devel-windows-x86_64 0.1.1 3.00 41.00 44.00 OK
r-patched-linux-x86_64 0.1.1 1.91 21.09 23.00 OK
r-release-linux-x86_64 0.1.1 1.56 21.35 22.91 OK
r-release-macos-arm64 0.1.1 1.00 28.00 29.00 OK
r-release-macos-x86_64 0.1.1 2.00 45.00 47.00 OK
r-release-windows-x86_64 0.1.1 3.00 42.00 45.00 OK
r-oldrel-macos-arm64 0.1.1 1.00 19.00 20.00 OK
r-oldrel-macos-x86_64 0.1.1 2.00 45.00 47.00 OK
r-oldrel-windows-x86_64 0.1.1 5.00 47.00 52.00 OK

Check Details

Version: 0.1.1
Check: dependencies in R code
Result: NOTE Namespace in Imports field not imported from: ‘tibble’ All declared Imports should be used. Flavors: r-devel-linux-x86_64-fedora-clang, r-devel-linux-x86_64-fedora-gcc