CRAN Package Check Results for Package MBmca

Last updated on 2025-04-30 01:50:26 CEST.

Flavor Version Tinstall Tcheck Ttotal Status Flags
r-devel-linux-x86_64-debian-clang 1.0.1-3 10.82 94.27 105.09 NOTE
r-devel-linux-x86_64-debian-gcc 1.0.1-3 7.64 68.66 76.30 NOTE
r-devel-linux-x86_64-fedora-clang 1.0.1-3 161.68 OK
r-devel-linux-x86_64-fedora-gcc 1.0.1-3 167.91 OK
r-devel-windows-x86_64 1.0.1-3 12.00 115.00 127.00 NOTE
r-patched-linux-x86_64 1.0.1-3 10.26 88.70 98.96 NOTE
r-release-linux-x86_64 1.0.1-3 8.51 88.06 96.57 NOTE
r-release-macos-arm64 1.0.1-3 61.00 OK
r-release-macos-x86_64 1.0.1-3 131.00 OK
r-release-windows-x86_64 1.0.1-3 13.00 130.00 143.00 NOTE
r-oldrel-macos-arm64 1.0.1-3 50.00 OK
r-oldrel-macos-x86_64 1.0.1-3 128.00 OK
r-oldrel-windows-x86_64 1.0.1-3 14.00 140.00 154.00 OK

Check Details

Version: 1.0.1-3
Check: CRAN incoming feasibility
Result: NOTE Maintainer: ‘Stefan Roediger <stefan_roediger@gmx.de>’ Package CITATION file contains call(s) to old-style citEntry(). Please use bibentry() instead. Flavors: r-devel-linux-x86_64-debian-clang, r-devel-linux-x86_64-debian-gcc

Version: 1.0.1-3
Check: Rd cross-references
Result: NOTE Found the following Rd file(s) with Rd \link{} targets missing package anchors: mcaSmoother.Rd: lmrob Please provide package anchors for all Rd \link{} targets not in the package itself and the base packages. Flavors: r-devel-linux-x86_64-debian-clang, r-devel-linux-x86_64-debian-gcc, r-devel-windows-x86_64, r-patched-linux-x86_64, r-release-linux-x86_64, r-release-windows-x86_64