Last updated on 2025-10-24 01:50:32 CEST.
| Flavor | Version | Tinstall | Tcheck | Ttotal | Status | Flags |
|---|---|---|---|---|---|---|
| r-devel-linux-x86_64-debian-clang | 1.3.7 | 17.69 | 287.48 | 305.17 | OK | |
| r-devel-linux-x86_64-debian-gcc | 1.3.7 | 12.71 | 202.29 | 215.00 | OK | |
| r-devel-linux-x86_64-fedora-clang | 1.3.7 | 41.00 | 422.42 | 463.42 | NOTE | |
| r-devel-linux-x86_64-fedora-gcc | 1.3.7 | 86.00 | 395.46 | 481.46 | NOTE | |
| r-devel-windows-x86_64 | 1.3.7 | 18.00 | 223.00 | 241.00 | OK | |
| r-patched-linux-x86_64 | 1.3.7 | 15.28 | 269.38 | 284.66 | OK | |
| r-release-linux-x86_64 | 1.3.7 | 15.73 | 266.79 | 282.52 | OK | |
| r-release-macos-arm64 | 1.3.7 | 9.00 | 122.00 | 131.00 | OK | |
| r-release-macos-x86_64 | 1.3.7 | 18.00 | 209.00 | 227.00 | OK | |
| r-release-windows-x86_64 | 1.3.7 | 20.00 | 231.00 | 251.00 | OK | |
| r-oldrel-macos-arm64 | 1.3.7 | 8.00 | 94.00 | 102.00 | OK | |
| r-oldrel-macos-x86_64 | 1.3.7 | 11.00 | 137.00 | 148.00 | OK | |
| r-oldrel-windows-x86_64 | 1.3.7 | 25.00 | 297.00 | 322.00 | OK |
Version: 1.3.7
Check: dependencies in R code
Result: NOTE
Namespace in Imports field not imported from: ‘ranger’
All declared Imports should be used.
Flavors: r-devel-linux-x86_64-fedora-clang, r-devel-linux-x86_64-fedora-gcc