Last updated on 2025-05-01 01:49:38 CEST.
Flavor | Version | Tinstall | Tcheck | Ttotal | Status | Flags |
---|---|---|---|---|---|---|
r-devel-linux-x86_64-debian-clang | 0.1-3 | 33.30 | 42.06 | 75.36 | NOTE | |
r-devel-linux-x86_64-debian-gcc | 0.1-3 | 24.34 | 28.75 | 53.09 | NOTE | |
r-devel-linux-x86_64-fedora-clang | 0.1-3 | 132.47 | OK | |||
r-devel-linux-x86_64-fedora-gcc | 0.1-3 | 125.58 | OK | |||
r-devel-windows-x86_64 | 0.1-3 | 39.00 | 77.00 | 116.00 | OK | |
r-patched-linux-x86_64 | 0.1-3 | 33.97 | 35.60 | 69.57 | OK | |
r-release-linux-x86_64 | 0.1-3 | 33.95 | 35.58 | 69.53 | OK | |
r-release-macos-arm64 | 0.1-3 | 37.00 | OK | |||
r-release-macos-x86_64 | 0.1-3 | 63.00 | OK | |||
r-release-windows-x86_64 | 0.1-3 | 39.00 | 82.00 | 121.00 | OK | |
r-oldrel-macos-arm64 | 0.1-3 | 34.00 | OK | |||
r-oldrel-macos-x86_64 | 0.1-3 | 54.00 | OK | |||
r-oldrel-windows-x86_64 | 0.1-3 | 44.00 | 85.00 | 129.00 | OK |
Version: 0.1-3
Check: CRAN incoming feasibility
Result: NOTE
Maintainer: ‘Gunther Schauberger <gunther.schauberger@tum.de>’
No Authors@R field in DESCRIPTION.
Please add one, modifying
Authors@R: person(given = "Gunther",
family = "Schauberger",
role = c("aut", "cre"),
email = "gunther.schauberger@tum.de")
as necessary.
Flavors: r-devel-linux-x86_64-debian-clang, r-devel-linux-x86_64-debian-gcc
Version: 0.1-3
Check: examples
Result: NOTE
Examples with CPU (user + system) or elapsed time > 5s
user system elapsed
MultOrdRS-package 6.998 0.089 4.070
multordRS 6.956 0.045 4.012
Flavor: r-devel-linux-x86_64-debian-clang