Last updated on 2025-05-06 02:50:25 CEST.
Flavor | Version | Tinstall | Tcheck | Ttotal | Status | Flags |
---|---|---|---|---|---|---|
r-devel-linux-x86_64-debian-clang | 1.0.3 | 60.94 | 55.94 | 116.88 | NOTE | |
r-devel-linux-x86_64-debian-gcc | 1.0.3 | 47.82 | 42.58 | 90.40 | NOTE | |
r-devel-windows-x86_64 | 1.0.3 | 81.00 | 85.00 | 166.00 | OK | |
r-patched-linux-x86_64 | 1.0.3 | 65.83 | 52.46 | 118.29 | OK | |
r-release-linux-x86_64 | 1.0.3 | 66.58 | 53.19 | 119.77 | OK | |
r-release-macos-arm64 | 1.0.3 | 50.00 | OK | |||
r-release-macos-x86_64 | 1.0.3 | 94.00 | OK | |||
r-release-windows-x86_64 | 1.0.3 | 81.00 | 84.00 | 165.00 | OK | |
r-oldrel-macos-arm64 | 1.0.3 | 49.00 | NOTE | |||
r-oldrel-macos-x86_64 | 1.0.3 | 75.00 | NOTE | |||
r-oldrel-windows-x86_64 | 1.0.3 | 93.00 | 110.00 | 203.00 | OK |
Version: 1.0.3
Check: CRAN incoming feasibility
Result: NOTE
Maintainer: ‘Evan Biederstedt <evan.biederstedt@gmail.com>’
The Description field contains
<doi:10.1109/TPAMI.2018.2889473>, <arXiv:1603.09320>.
Please refer to arXiv e-prints via their arXiv DOI <doi:10.48550/arXiv.YYMM.NNNNN>.
Flavors: r-devel-linux-x86_64-debian-clang, r-devel-linux-x86_64-debian-gcc
Version: 1.0.3
Check: installed package size
Result: NOTE
installed size is 5.7Mb
sub-directories of 1Mb or more:
libs 5.6Mb
Flavors: r-oldrel-macos-arm64, r-oldrel-macos-x86_64