Last updated on 2025-05-02 02:51:01 CEST.
Flavor | Version | Tinstall | Tcheck | Ttotal | Status | Flags |
---|---|---|---|---|---|---|
r-devel-linux-x86_64-debian-clang | 0.1.0 | 1.76 | 30.38 | 32.14 | NOTE | |
r-devel-linux-x86_64-debian-gcc | 0.1.0 | 1.34 | 22.09 | 23.43 | OK | |
r-devel-linux-x86_64-fedora-clang | 0.1.0 | 49.14 | OK | |||
r-devel-linux-x86_64-fedora-gcc | 0.1.0 | 47.05 | OK | |||
r-devel-windows-x86_64 | 0.1.0 | 3.00 | 48.00 | 51.00 | OK | |
r-patched-linux-x86_64 | 0.1.0 | 1.80 | 27.64 | 29.44 | OK | |
r-release-linux-x86_64 | OK | |||||
r-release-macos-arm64 | 0.1.0 | 17.00 | OK | |||
r-release-macos-x86_64 | 0.1.0 | 39.00 | OK | |||
r-release-windows-x86_64 | 0.1.0 | 3.00 | 49.00 | 52.00 | OK | |
r-oldrel-macos-arm64 | 0.1.0 | 18.00 | OK | |||
r-oldrel-macos-x86_64 | 0.1.0 | 45.00 | OK | |||
r-oldrel-windows-x86_64 | 0.1.0 | 3.00 | 55.00 | 58.00 | OK |
Version: 0.1.0
Check: examples
Result: NOTE
Examples with CPU (user + system) or elapsed time > 5s
user system elapsed
NVAR 9.075 0.21 11.665
Flavor: r-devel-linux-x86_64-debian-clang