Last updated on 2025-10-31 01:49:05 CET.
| Flavor | Version | Tinstall | Tcheck | Ttotal | Status | Flags | 
|---|---|---|---|---|---|---|
| r-devel-linux-x86_64-debian-clang | 0.2.4 | 14.61 | 137.44 | 152.05 | NOTE | |
| r-devel-linux-x86_64-debian-gcc | 0.2.4 | 10.44 | 94.10 | 104.54 | NOTE | |
| r-devel-linux-x86_64-fedora-clang | 0.2.4 | 34.00 | 218.57 | 252.57 | NOTE | |
| r-devel-linux-x86_64-fedora-gcc | 0.2.4 | 27.00 | 193.19 | 220.19 | NOTE | |
| r-devel-windows-x86_64 | 0.2.4 | 16.00 | 137.00 | 153.00 | OK | |
| r-patched-linux-x86_64 | 0.2.4 | 14.36 | 129.12 | 143.48 | OK | |
| r-release-linux-x86_64 | 0.2.4 | 13.78 | 127.64 | 141.42 | OK | |
| r-release-macos-arm64 | 0.2.4 | 6.00 | 52.00 | 58.00 | OK | |
| r-release-macos-x86_64 | 0.2.4 | 9.00 | 101.00 | 110.00 | OK | |
| r-release-windows-x86_64 | 0.2.4 | 16.00 | 142.00 | 158.00 | OK | |
| r-oldrel-macos-arm64 | 0.2.4 | 6.00 | 52.00 | 58.00 | OK | |
| r-oldrel-macos-x86_64 | 0.2.4 | 9.00 | 76.00 | 85.00 | OK | |
| r-oldrel-windows-x86_64 | 0.2.4 | 22.00 | 175.00 | 197.00 | OK | 
Version: 0.2.4
Check: CRAN incoming feasibility
Result: NOTE
  Maintainer: ‘Luis Castro Martín <luiscastro193@gmail.com>’
  
  No Authors@R field in DESCRIPTION.
  Please add one, modifying
    Authors@R: c(person(given = c("Luis", "Castro"),
                        family = "Martín",
                        role = c("aut", "cre"),
                        email = "luiscastro193@gmail.com"),
                 person(given = c("Ramón", "Ferri"),
                        family = "García",
                        role = "aut",
                        email = "rferri@ugr.es"),
                 person(given = c("María", "del", "Mar"),
                        family = "Rueda",
                        role = "aut",
                        email = "mrueda@ugr.es"))
  as necessary.
  
  Found the following URLs which should use \doi (with the DOI name only):
    File ‘valliant_weights.Rd’:
      https://doi.org/10.1093/jssam/smz003
Flavors: r-devel-linux-x86_64-debian-clang, r-devel-linux-x86_64-debian-gcc
Version: 0.2.4
Check: dependencies in R code
Result: NOTE
  Namespaces in Imports field not imported from:
    ‘Matrix’ ‘e1071’ ‘glmnet’
    All declared Imports should be used.
Flavors: r-devel-linux-x86_64-fedora-clang, r-devel-linux-x86_64-fedora-gcc