CRAN Package Check Results for Package ORTSC

Last updated on 2025-04-15 01:50:39 CEST.

Flavor Version Tinstall Tcheck Ttotal Status Flags
r-devel-linux-x86_64-debian-clang 1.0.0 3.66 29.71 33.37 OK
r-devel-linux-x86_64-debian-gcc 1.0.0 2.55 23.00 25.55 OK
r-devel-linux-x86_64-fedora-clang 1.0.0 53.08 OK
r-devel-linux-x86_64-fedora-gcc 1.0.0 50.16 OK
r-devel-windows-x86_64 1.0.0 5.00 55.00 60.00 OK
r-patched-linux-x86_64 1.0.0 3.25 28.71 31.96 OK
r-release-linux-x86_64 1.0.0 3.35 28.31 31.66 OK
r-release-macos-arm64 1.0.0 24.00 OK
r-release-macos-x86_64 1.0.0 37.00 OK
r-release-windows-x86_64 1.0.0 5.00 55.00 60.00 OK
r-oldrel-macos-arm64 1.0.0 22.00 NOTE
r-oldrel-macos-x86_64 1.0.0 30.00 NOTE
r-oldrel-windows-x86_64 1.0.0 6.00 56.00 62.00 NOTE

Check Details

Version: 1.0.0
Check: LazyData
Result: NOTE 'LazyData' is specified without a 'data' directory Flavors: r-oldrel-macos-arm64, r-oldrel-macos-x86_64, r-oldrel-windows-x86_64