Last updated on 2025-05-06 02:50:26 CEST.
Flavor | Version | Tinstall | Tcheck | Ttotal | Status | Flags |
---|---|---|---|---|---|---|
r-devel-linux-x86_64-debian-clang | 0.1.2 | 21.84 | 371.75 | 393.59 | NOTE | |
r-devel-linux-x86_64-debian-gcc | 0.1.2 | 13.86 | 237.15 | 251.01 | NOTE | |
r-devel-linux-x86_64-fedora-clang | 0.1.2 | 645.02 | NOTE | |||
r-devel-linux-x86_64-fedora-gcc | 0.1.2 | 661.30 | NOTE | |||
r-devel-windows-x86_64 | 0.1.2 | 23.00 | 318.00 | 341.00 | NOTE | |
r-patched-linux-x86_64 | 0.1.2 | 21.60 | 349.93 | 371.53 | NOTE | |
r-release-linux-x86_64 | 0.1.2 | 17.16 | 347.45 | 364.61 | NOTE | |
r-release-macos-arm64 | 0.1.2 | 216.00 | NOTE | |||
r-release-macos-x86_64 | 0.1.2 | 301.00 | NOTE | |||
r-release-windows-x86_64 | 0.1.2 | 22.00 | 314.00 | 336.00 | NOTE | |
r-oldrel-macos-arm64 | 0.1.2 | 155.00 | NOTE | |||
r-oldrel-macos-x86_64 | 0.1.2 | 234.00 | NOTE | |||
r-oldrel-windows-x86_64 | 0.1.2 | 30.00 | 437.00 | 467.00 | NOTE |
Version: 0.1.2
Check: Rd files
Result: NOTE
checkRd: (-1) imput_cov.Rd:79: Lost braces
79 | \item van Buuren, S., Groothuis-Oudshoorn, K. (2011). mice: Multivariate Imputation by Chained Equations in R. Journal of Statistical Software, 45(3), 1–67. url{https://www.jstatsoft.org/v45/i03/}
| ^
checkRd: (-1) indiv_grp_closest.Rd:47: Lost braces; missing escapes or markup?
47 | The function \code{indiv_grp_closest} is an intermediate function used in the implementation of an algorithm called {OUTCOME} (and its enrichment {R-OUTCOME}, see the reference (2) for more details) dedicated to the solving of recoding problems in data fusion using Optimal Transportation theory.
| ^
checkRd: (-1) indiv_grp_closest.Rd:47: Lost braces; missing escapes or markup?
47 | The function \code{indiv_grp_closest} is an intermediate function used in the implementation of an algorithm called {OUTCOME} (and its enrichment {R-OUTCOME}, see the reference (2) for more details) dedicated to the solving of recoding problems in data fusion using Optimal Transportation theory.
| ^
checkRd: (-1) merge_dbs.Rd:179: Lost braces
179 | \item van Buuren, S., Groothuis-Oudshoorn, K. (2011). mice: Multivariate Imputation by Chained Equations in R. Journal of Statistical Software, 45(3), 1–67. url{https://www.jstatsoft.org/v45/i03/}
| ^
Flavors: r-devel-linux-x86_64-debian-clang, r-devel-linux-x86_64-debian-gcc, r-devel-linux-x86_64-fedora-clang, r-devel-linux-x86_64-fedora-gcc, r-devel-windows-x86_64, r-patched-linux-x86_64, r-release-linux-x86_64, r-release-macos-arm64, r-release-macos-x86_64, r-release-windows-x86_64, r-oldrel-macos-arm64, r-oldrel-macos-x86_64, r-oldrel-windows-x86_64