Last updated on 2025-05-07 01:50:07 CEST.
Flavor | Version | Tinstall | Tcheck | Ttotal | Status | Flags |
---|---|---|---|---|---|---|
r-devel-linux-x86_64-debian-clang | 0.6.0 | 8.67 | 36.57 | 45.24 | OK | |
r-devel-linux-x86_64-debian-gcc | 0.6.0 | 5.90 | 29.14 | 35.04 | OK | |
r-devel-linux-x86_64-fedora-clang | 0.6.0 | 69.06 | OK | |||
r-devel-linux-x86_64-fedora-gcc | 0.6.0 | 82.16 | OK | |||
r-devel-windows-x86_64 | 0.6.0 | 19.00 | 184.00 | 203.00 | OK | |
r-patched-linux-x86_64 | 0.6.0 | 6.78 | 34.42 | 41.20 | OK | |
r-release-linux-x86_64 | 0.6.0 | 6.60 | 34.53 | 41.13 | OK | |
r-release-macos-arm64 | 0.6.0 | 41.00 | OK | |||
r-release-macos-x86_64 | 0.6.0 | 97.00 | OK | |||
r-release-windows-x86_64 | 0.6.0 | 23.00 | 176.00 | 199.00 | OK | |
r-oldrel-macos-arm64 | 0.6.0 | 55.00 | NOTE | |||
r-oldrel-macos-x86_64 | 0.6.0 | 82.00 | NOTE | |||
r-oldrel-windows-x86_64 | 0.6.0 | 23.00 | 245.00 | 268.00 | NOTE |
Version: 0.6.0
Check: installed package size
Result: NOTE
installed size is 13.1Mb
sub-directories of 1Mb or more:
libs 12.8Mb
Flavors: r-oldrel-macos-arm64, r-oldrel-macos-x86_64, r-oldrel-windows-x86_64