Last updated on 2025-11-02 02:50:53 CET.
| Flavor | Version | Tinstall | Tcheck | Ttotal | Status | Flags |
|---|---|---|---|---|---|---|
| r-devel-linux-x86_64-debian-clang | 3.2.5 | 147.92 | 113.20 | 261.12 | NOTE | |
| r-devel-linux-x86_64-debian-gcc | 3.2.5 | 116.25 | 88.19 | 204.44 | NOTE | |
| r-devel-linux-x86_64-fedora-clang | 3.2.5 | 166.00 | 274.05 | 440.05 | OK | |
| r-devel-linux-x86_64-fedora-gcc | 3.2.5 | 246.00 | 246.37 | 492.37 | OK | |
| r-devel-windows-x86_64 | 3.2.5 | 151.00 | 138.00 | 289.00 | OK | |
| r-patched-linux-x86_64 | 3.2.5 | 159.55 | 116.92 | 276.47 | OK | |
| r-release-linux-x86_64 | 3.2.5 | 168.96 | 116.24 | 285.20 | OK | |
| r-release-macos-arm64 | 3.2.5 | 60.00 | 52.00 | 112.00 | OK | |
| r-release-macos-x86_64 | 3.2.5 | 70.00 | 121.00 | 191.00 | OK | |
| r-release-windows-x86_64 | 3.2.5 | 152.00 | 134.00 | 286.00 | OK | |
| r-oldrel-macos-arm64 | 3.2.5 | 69.00 | 53.00 | 122.00 | NOTE | |
| r-oldrel-macos-x86_64 | 3.2.5 | 51.00 | 79.00 | 130.00 | NOTE | |
| r-oldrel-windows-x86_64 | 3.2.5 | 180.00 | 191.00 | 371.00 | OK |
Version: 3.2.5
Check: CRAN incoming feasibility
Result: NOTE
Maintainer: ‘Hyebin Song <hps5320@psu.edu>’
The Description field contains
<arXiv:1711.08129>.
Please refer to arXiv e-prints via their arXiv DOI <doi:10.48550/arXiv.YYMM.NNNNN>.
Flavors: r-devel-linux-x86_64-debian-clang, r-devel-linux-x86_64-debian-gcc
Version: 3.2.5
Check: installed package size
Result: NOTE
installed size is 40.9Mb
sub-directories of 1Mb or more:
libs 40.4Mb
Flavors: r-oldrel-macos-arm64, r-oldrel-macos-x86_64