CRAN Package Check Results for Package PakPMICS2018mm

Last updated on 2025-04-30 02:50:46 CEST.

Flavor Version Tinstall Tcheck Ttotal Status Flags
r-devel-linux-x86_64-debian-clang 0.1.0 5.95 35.29 41.24 NOTE
r-devel-linux-x86_64-debian-gcc 0.1.0 4.14 26.61 30.75 NOTE
r-devel-linux-x86_64-fedora-clang 0.1.0 66.48 NOTE
r-devel-linux-x86_64-fedora-gcc 0.1.0 76.62 NOTE
r-devel-windows-x86_64 0.1.0 8.00 55.00 63.00 NOTE
r-patched-linux-x86_64 0.1.0 5.65 33.59 39.24 NOTE
r-release-linux-x86_64 0.1.0 5.80 33.40 39.20 NOTE
r-release-macos-arm64 0.1.0 37.00 NOTE
r-release-macos-x86_64 0.1.0 53.00 NOTE
r-release-windows-x86_64 0.1.0 8.00 55.00 63.00 NOTE
r-oldrel-macos-arm64 0.1.0 28.00 NOTE
r-oldrel-macos-x86_64 0.1.0 41.00 NOTE
r-oldrel-windows-x86_64 0.1.0 9.00 62.00 71.00 NOTE

Check Details

Version: 0.1.0
Check: Rd files
Result: NOTE checkRd: (-1) PakPMICS2018mm.Rd:69: Lost braces in \enumerate; meant \describe ? checkRd: (-1) PakPMICS2018mm.Rd:70: Lost braces in \enumerate; meant \describe ? Flavors: r-devel-linux-x86_64-debian-clang, r-devel-linux-x86_64-debian-gcc, r-devel-linux-x86_64-fedora-clang, r-devel-linux-x86_64-fedora-gcc, r-devel-windows-x86_64, r-patched-linux-x86_64, r-release-linux-x86_64, r-release-macos-arm64, r-release-macos-x86_64, r-release-windows-x86_64, r-oldrel-macos-arm64, r-oldrel-macos-x86_64, r-oldrel-windows-x86_64