Last updated on 2025-05-01 01:49:44 CEST.
Flavor | Version | Tinstall | Tcheck | Ttotal | Status | Flags |
---|---|---|---|---|---|---|
r-devel-linux-x86_64-debian-clang | 2.0 | 3.16 | 77.31 | 80.47 | NOTE | |
r-devel-linux-x86_64-debian-gcc | 2.0 | 2.35 | 66.91 | 69.26 | NOTE | |
r-devel-linux-x86_64-fedora-clang | 2.0 | 125.67 | OK | |||
r-devel-linux-x86_64-fedora-gcc | 2.0 | 123.60 | OK | |||
r-devel-windows-x86_64 | 2.0 | 4.00 | 97.00 | 101.00 | OK | |
r-patched-linux-x86_64 | 2.0 | 3.89 | 71.10 | 74.99 | OK | |
r-release-linux-x86_64 | 2.0 | 2.98 | 70.75 | 73.73 | OK | |
r-release-macos-arm64 | 2.0 | 43.00 | OK | |||
r-release-macos-x86_64 | 2.0 | 88.00 | OK | |||
r-release-windows-x86_64 | 2.0 | 4.00 | 99.00 | 103.00 | OK | |
r-oldrel-macos-arm64 | 2.0 | 39.00 | OK | |||
r-oldrel-macos-x86_64 | 2.0 | 60.00 | OK | |||
r-oldrel-windows-x86_64 | 2.0 | 4.00 | 114.00 | 118.00 | OK |
Version: 2.0
Check: CRAN incoming feasibility
Result: NOTE
Maintainer: ‘Matthias Kohl <Matthias.Kohl@stamats.de>’
Package CITATION file contains call(s) to old-style personList() or
as.personList(). Please use c() on person objects instead.
Flavors: r-devel-linux-x86_64-debian-clang, r-devel-linux-x86_64-debian-gcc
Version: 2.0
Check: examples
Result: NOTE
Examples with CPU (user + system) or elapsed time > 5s
user system elapsed
0RFLP-package 6.071 0.153 7.925
simMatrix 5.516 0.000 6.438
sim2dist 4.906 0.004 6.384
Flavor: r-devel-linux-x86_64-debian-clang
Version: 2.0
Check: examples
Result: NA
user system elapsed
sim2dist 7.567 0.006 10.375
0RFLP-package 6.785 0.119 9.468
simMatrix 4.766 0.004 5.373
OK
Flavor: r-devel-linux-x86_64-debian-gcc