Last updated on 2025-05-04 02:50:16 CEST.
Flavor | Version | Tinstall | Tcheck | Ttotal | Status | Flags |
---|---|---|---|---|---|---|
r-devel-linux-x86_64-debian-clang | 5.0.0 | 21.46 | 156.99 | 178.45 | NOTE | |
r-devel-linux-x86_64-debian-gcc | 5.0.0 | 13.96 | 109.92 | 123.88 | NOTE | |
r-devel-linux-x86_64-fedora-clang | 5.0.0 | 296.58 | NOTE | |||
r-devel-linux-x86_64-fedora-gcc | 5.0.0 | 282.18 | NOTE | |||
r-devel-windows-x86_64 | 5.0.0 | 24.00 | 157.00 | 181.00 | NOTE | |
r-patched-linux-x86_64 | 5.0.0 | 21.22 | 147.36 | 168.58 | NOTE | |
r-release-linux-x86_64 | NOTE | |||||
r-release-macos-arm64 | 5.0.0 | 71.00 | NOTE | |||
r-release-macos-x86_64 | 5.0.0 | 153.00 | NOTE | |||
r-release-windows-x86_64 | 5.0.0 | 24.00 | 156.00 | 180.00 | NOTE | |
r-oldrel-macos-arm64 | 5.0.0 | 84.00 | OK | |||
r-oldrel-macos-x86_64 | 5.0.0 | 135.00 | OK | |||
r-oldrel-windows-x86_64 | 5.0.0 | 32.00 | 196.00 | 228.00 | OK |
Version: 5.0.0
Check: DESCRIPTION meta-information
Result: NOTE
Missing dependency on R >= 4.1.0 because package code uses the pipe
|> or function shorthand \(...) syntax added in R 4.1.0.
File(s) using such syntax:
‘RHRVEasy.R’ ‘easyStatsFunctions.R’
Flavors: r-devel-linux-x86_64-debian-clang, r-devel-linux-x86_64-debian-gcc, r-devel-linux-x86_64-fedora-clang, r-devel-linux-x86_64-fedora-gcc, r-devel-windows-x86_64, r-patched-linux-x86_64, r-release-linux-x86_64, r-release-macos-arm64, r-release-macos-x86_64, r-release-windows-x86_64