Last updated on 2025-05-08 01:51:19 CEST.
Flavor | Version | Tinstall | Tcheck | Ttotal | Status | Flags |
---|---|---|---|---|---|---|
r-devel-linux-x86_64-debian-clang | 0.4-17 | 74.15 | 47.87 | 122.02 | NOTE | |
r-devel-linux-x86_64-debian-gcc | 0.4-17 | 51.97 | 35.49 | 87.46 | NOTE | |
r-devel-linux-x86_64-fedora-clang | 0.4-17 | 290.92 | OK | |||
r-devel-linux-x86_64-fedora-gcc | 0.4-17 | 237.78 | OK | |||
r-devel-windows-x86_64 | 0.4-17 | 95.00 | 101.00 | 196.00 | OK | |
r-patched-linux-x86_64 | 0.4-17 | 75.05 | 45.52 | 120.57 | NOTE | |
r-release-linux-x86_64 | 0.4-17 | 74.86 | 45.58 | 120.44 | NOTE | |
r-release-macos-arm64 | 0.4-17 | 59.00 | OK | |||
r-release-macos-x86_64 | 0.4-17 | 85.00 | OK | |||
r-release-windows-x86_64 | 0.4-17 | 99.00 | 104.00 | 203.00 | OK | |
r-oldrel-macos-arm64 | 0.4-17 | 54.00 | NOTE | |||
r-oldrel-macos-x86_64 | 0.4-17 | 66.00 | NOTE | |||
r-oldrel-windows-x86_64 | 0.4-17 | 100.00 | 121.00 | 221.00 | OK |
Version: 0.4-17
Check: for unstated dependencies in ‘demo’
Result: NOTE
'library' or 'require' call not declared from: ‘plot3D’
Flavors: r-devel-linux-x86_64-debian-clang, r-devel-linux-x86_64-debian-gcc, r-patched-linux-x86_64, r-release-linux-x86_64
Version: 0.4-17
Check: installed package size
Result: NOTE
installed size is 7.2Mb
sub-directories of 1Mb or more:
libs 6.2Mb
Flavors: r-oldrel-macos-arm64, r-oldrel-macos-x86_64