CRAN Package Check Results for Package RVenn

Last updated on 2025-04-30 01:50:36 CEST.

Flavor Version Tinstall Tcheck Ttotal Status Flags
r-devel-linux-x86_64-debian-clang 1.1.0 3.80 65.44 69.24 OK
r-devel-linux-x86_64-debian-gcc 1.1.0 2.77 47.39 50.16 OK
r-devel-linux-x86_64-fedora-clang 1.1.0 101.22 OK
r-devel-linux-x86_64-fedora-gcc 1.1.0 112.55 OK
r-devel-windows-x86_64 1.1.0 6.00 68.00 74.00 OK
r-patched-linux-x86_64 1.1.0 4.40 62.07 66.47 OK
r-release-linux-x86_64 1.1.0 3.06 62.23 65.29 OK
r-release-macos-arm64 1.1.0 34.00 OK
r-release-macos-x86_64 1.1.0 62.00 OK
r-release-windows-x86_64 1.1.0 7.00 69.00 76.00 OK
r-oldrel-macos-arm64 1.1.0 32.00 NOTE
r-oldrel-macos-x86_64 1.1.0 53.00 NOTE
r-oldrel-windows-x86_64 1.1.0 7.00 79.00 86.00 NOTE

Check Details

Version: 1.1.0
Check: LazyData
Result: NOTE 'LazyData' is specified without a 'data' directory Flavors: r-oldrel-macos-arm64, r-oldrel-macos-x86_64, r-oldrel-windows-x86_64