Last updated on 2025-10-23 01:51:39 CEST.
Flavor | Version | Tinstall | Tcheck | Ttotal | Status | Flags |
---|---|---|---|---|---|---|
r-devel-linux-x86_64-debian-clang | 0.1.1 | 2.10 | 30.31 | 32.41 | NOTE | |
r-devel-linux-x86_64-debian-gcc | 0.1.1 | 1.66 | 23.96 | 25.62 | OK | |
r-devel-linux-x86_64-fedora-clang | 0.1.1 | 46.99 | OK | |||
r-devel-linux-x86_64-fedora-gcc | 0.1.1 | 58.89 | OK | |||
r-devel-windows-x86_64 | 0.1.1 | 3.00 | 53.00 | 56.00 | OK | |
r-patched-linux-x86_64 | 0.1.1 | 2.70 | 27.48 | 30.18 | OK | |
r-release-linux-x86_64 | 0.1.1 | 2.05 | 27.27 | 29.32 | OK | |
r-release-macos-arm64 | 0.1.1 | 1.00 | 33.00 | 34.00 | OK | |
r-release-macos-x86_64 | 0.1.1 | 2.00 | 41.00 | 43.00 | OK | |
r-release-windows-x86_64 | 0.1.1 | 6.00 | 55.00 | 61.00 | OK | |
r-oldrel-macos-arm64 | 0.1.1 | 1.00 | 23.00 | 24.00 | OK | |
r-oldrel-macos-x86_64 | 0.1.1 | 2.00 | 38.00 | 40.00 | OK | |
r-oldrel-windows-x86_64 | 0.1.1 | 6.00 | 61.00 | 67.00 | OK |
Version: 0.1.1
Check: HTML version of manual
Result: NOTE
Found the following HTML validation problems:
rx_multiple.html:58:1 (rx_multiple.Rd:16): Warning: missing </ul> before </div>
Flavor: r-devel-linux-x86_64-debian-clang