Last updated on 2025-10-26 01:49:58 CEST.
| Flavor | Version | Tinstall | Tcheck | Ttotal | Status | Flags |
|---|---|---|---|---|---|---|
| r-devel-linux-x86_64-debian-clang | 2.3.4 | 4.15 | 35.28 | 39.43 | OK | |
| r-devel-linux-x86_64-debian-gcc | 2.3.4 | 2.97 | 27.37 | 30.34 | OK | |
| r-devel-linux-x86_64-fedora-clang | 2.3.4 | 59.91 | OK | |||
| r-devel-linux-x86_64-fedora-gcc | 2.3.4 | 70.69 | OK | |||
| r-devel-windows-x86_64 | 2.3.4 | 6.00 | 52.00 | 58.00 | OK | |
| r-patched-linux-x86_64 | 2.3.4 | 3.49 | 33.22 | 36.71 | OK | |
| r-release-linux-x86_64 | 2.3.4 | 3.82 | 33.91 | 37.73 | OK | |
| r-release-macos-arm64 | 2.3.4 | 2.00 | 27.00 | 29.00 | OK | |
| r-release-macos-x86_64 | 2.3.4 | 3.00 | 56.00 | 59.00 | OK | |
| r-release-windows-x86_64 | 2.3.4 | 6.00 | 54.00 | 60.00 | OK | |
| r-oldrel-macos-arm64 | 2.3.4 | 2.00 | 27.00 | 29.00 | NOTE | |
| r-oldrel-macos-x86_64 | 2.3.4 | 2.00 | 39.00 | 41.00 | NOTE | |
| r-oldrel-windows-x86_64 | 2.3.4 | 8.00 | 59.00 | 67.00 | NOTE |
Version: 2.3.4
Check: LazyData
Result: NOTE
'LazyData' is specified without a 'data' directory
Flavors: r-oldrel-macos-arm64, r-oldrel-macos-x86_64, r-oldrel-windows-x86_64