Last updated on 2025-10-24 01:50:39 CEST.
| Flavor | Version | Tinstall | Tcheck | Ttotal | Status | Flags |
|---|---|---|---|---|---|---|
| r-devel-linux-x86_64-debian-clang | 0.1.0-1 | 31.36 | 169.62 | 200.98 | OK | |
| r-devel-linux-x86_64-debian-gcc | 0.1.0-1 | 19.87 | 147.67 | 167.54 | OK | |
| r-devel-linux-x86_64-fedora-clang | 0.1.0-1 | 112.00 | 273.58 | 385.58 | NOTE | |
| r-devel-linux-x86_64-fedora-gcc | 0.1.0-1 | 60.00 | 310.13 | 370.13 | NOTE | |
| r-devel-windows-x86_64 | 0.1.0-1 | 36.00 | 234.00 | 270.00 | OK | |
| r-patched-linux-x86_64 | 0.1.0-1 | 30.31 | 221.70 | 252.01 | OK | |
| r-release-linux-x86_64 | 0.1.0-1 | 29.16 | 220.91 | 250.07 | OK | |
| r-release-macos-arm64 | 0.1.0-1 | 20.00 | 134.00 | 154.00 | OK | |
| r-release-macos-x86_64 | 0.1.0-1 | 22.00 | 311.00 | 333.00 | OK | |
| r-release-windows-x86_64 | 0.1.0-1 | 38.00 | 234.00 | 272.00 | OK | |
| r-oldrel-macos-arm64 | 0.1.0-1 | 14.00 | 135.00 | 149.00 | OK | |
| r-oldrel-macos-x86_64 | 0.1.0-1 | 16.00 | 185.00 | 201.00 | OK | |
| r-oldrel-windows-x86_64 | 0.1.0-1 | 45.00 | 335.00 | 380.00 | OK |
Version: 0.1.0-1
Check: dependencies in R code
Result: NOTE
Namespace in Imports field not imported from: ‘Rcpp’
All declared Imports should be used.
Flavors: r-devel-linux-x86_64-fedora-clang, r-devel-linux-x86_64-fedora-gcc