Last updated on 2025-10-25 01:51:16 CEST.
| Flavor | Version | Tinstall | Tcheck | Ttotal | Status | Flags |
|---|---|---|---|---|---|---|
| r-devel-linux-x86_64-debian-clang | 1.0.4 | 54.95 | 83.57 | 138.52 | OK | |
| r-devel-linux-x86_64-debian-gcc | 1.0.4 | 33.70 | 61.04 | 94.74 | OK | |
| r-devel-linux-x86_64-fedora-clang | 1.0.4 | 297.00 | -42.26 | 254.74 | NOTE | |
| r-devel-linux-x86_64-fedora-gcc | 1.0.4 | 64.00 | 152.22 | 216.22 | NOTE | |
| r-devel-windows-x86_64 | 1.0.4 | 62.00 | 108.00 | 170.00 | OK | |
| r-patched-linux-x86_64 | 1.0.4 | 51.75 | 79.04 | 130.79 | OK | |
| r-release-linux-x86_64 | 1.0.4 | 53.42 | 78.64 | 132.06 | OK | |
| r-release-macos-arm64 | 1.0.4 | 18.00 | 35.00 | 53.00 | OK | |
| r-release-macos-x86_64 | 1.0.4 | 37.00 | 65.00 | 102.00 | OK | |
| r-release-windows-x86_64 | 1.0.4 | 67.00 | 113.00 | 180.00 | OK | |
| r-oldrel-macos-arm64 | 1.0.4 | 19.00 | 42.00 | 61.00 | NOTE | |
| r-oldrel-macos-x86_64 | 1.0.4 | 23.00 | 82.00 | 105.00 | NOTE | |
| r-oldrel-windows-x86_64 | 1.0.4 | 75.00 | 140.00 | 215.00 | NOTE |
Version: 1.0.4
Check: dependencies in R code
Result: NOTE
Namespaces in Imports field not imported from:
‘httr’ ‘jsonlite’
All declared Imports should be used.
Flavors: r-devel-linux-x86_64-fedora-clang, r-devel-linux-x86_64-fedora-gcc
Version: 1.0.4
Check: for GNU extensions in Makefiles
Result: NOTE
GNU make is a SystemRequirements.
Flavors: r-oldrel-macos-arm64, r-oldrel-macos-x86_64, r-oldrel-windows-x86_64