Last updated on 2025-10-26 01:50:02 CEST.
| Flavor | Version | Tinstall | Tcheck | Ttotal | Status | Flags |
|---|---|---|---|---|---|---|
| r-devel-linux-x86_64-debian-clang | 1.0.6 | 4.42 | 299.50 | 303.92 | NOTE | |
| r-devel-linux-x86_64-debian-gcc | 1.0.6 | 3.15 | 179.16 | 182.31 | NOTE | |
| r-devel-linux-x86_64-fedora-clang | 1.0.6 | 14.00 | 498.10 | 512.10 | OK | |
| r-devel-linux-x86_64-fedora-gcc | 1.0.6 | 517.27 | OK | |||
| r-devel-windows-x86_64 | 1.0.6 | 6.00 | 279.00 | 285.00 | OK | |
| r-patched-linux-x86_64 | 1.0.6 | 4.50 | 298.78 | 303.28 | OK | |
| r-release-linux-x86_64 | 1.0.6 | 3.96 | 297.87 | 301.83 | OK | |
| r-release-macos-arm64 | 1.0.6 | 2.00 | 81.00 | 83.00 | OK | |
| r-release-macos-x86_64 | 1.0.6 | 4.00 | 182.00 | 186.00 | OK | |
| r-release-windows-x86_64 | 1.0.6 | 7.00 | 290.00 | 297.00 | OK | |
| r-oldrel-macos-arm64 | 1.0.6 | 2.00 | 85.00 | 87.00 | OK | |
| r-oldrel-macos-x86_64 | 1.0.6 | 3.00 | 145.00 | 148.00 | OK | |
| r-oldrel-windows-x86_64 | 1.0.6 | 9.00 | 407.00 | 416.00 | OK |
Version: 1.0.6
Check: CRAN incoming feasibility
Result: NOTE
Maintainer: ‘Seungjun Ahn <seungjun.ahn@mountsinai.org>’
The Description field contains
<arXiv:2303.13702v1>.
Please refer to arXiv e-prints via their arXiv DOI <doi:10.48550/arXiv.YYMM.NNNNN>.
Flavors: r-devel-linux-x86_64-debian-clang, r-devel-linux-x86_64-debian-gcc