Last updated on 2025-04-15 01:50:46 CEST.
Flavor | Version | Tinstall | Tcheck | Ttotal | Status | Flags |
---|---|---|---|---|---|---|
r-devel-linux-x86_64-debian-clang | 1.0.0 | 5.09 | 18.18 | 23.27 | OK | |
r-devel-linux-x86_64-debian-gcc | 1.0.0 | 4.35 | 14.78 | 19.13 | OK | |
r-devel-linux-x86_64-fedora-clang | 1.0.0 | 36.59 | OK | |||
r-devel-linux-x86_64-fedora-gcc | 1.0.0 | 38.17 | OK | |||
r-devel-windows-x86_64 | 1.0.0 | 10.00 | 39.00 | 49.00 | OK | |
r-patched-linux-x86_64 | 1.0.0 | 5.18 | 17.79 | 22.97 | OK | |
r-release-linux-x86_64 | 1.0.0 | 4.93 | 18.05 | 22.98 | OK | |
r-release-macos-arm64 | 1.0.0 | 15.00 | OK | |||
r-release-macos-x86_64 | 1.0.0 | 24.00 | OK | |||
r-release-windows-x86_64 | 1.0.0 | 10.00 | 39.00 | 49.00 | OK | |
r-oldrel-macos-arm64 | 1.0.0 | 15.00 | NOTE | |||
r-oldrel-macos-x86_64 | 1.0.0 | 20.00 | NOTE | |||
r-oldrel-windows-x86_64 | 1.0.0 | 9.00 | 38.00 | 47.00 | NOTE |
Version: 1.0.0
Check: LazyData
Result: NOTE
'LazyData' is specified without a 'data' directory
Flavors: r-oldrel-macos-arm64, r-oldrel-macos-x86_64, r-oldrel-windows-x86_64