Last updated on 2025-10-24 01:50:40 CEST.
| Flavor | Version | Tinstall | Tcheck | Ttotal | Status | Flags |
|---|---|---|---|---|---|---|
| r-devel-linux-x86_64-debian-clang | 1.4.0 | 2.11 | 26.31 | 28.42 | NOTE | |
| r-devel-linux-x86_64-debian-gcc | 1.4.0 | 1.59 | 21.73 | 23.32 | NOTE | |
| r-devel-linux-x86_64-fedora-clang | 1.4.0 | 42.84 | OK | |||
| r-devel-linux-x86_64-fedora-gcc | 1.4.0 | 42.75 | OK | |||
| r-devel-windows-x86_64 | 1.4.0 | 4.00 | 45.00 | 49.00 | OK | |
| r-patched-linux-x86_64 | 1.4.0 | 2.16 | 25.19 | 27.35 | OK | |
| r-release-linux-x86_64 | 1.4.0 | 2.10 | 25.12 | 27.22 | OK | |
| r-release-macos-arm64 | 1.4.0 | 1.00 | 17.00 | 18.00 | OK | |
| r-release-macos-x86_64 | 1.4.0 | 2.00 | 27.00 | 29.00 | OK | |
| r-release-windows-x86_64 | 1.4.0 | 3.00 | 46.00 | 49.00 | OK | |
| r-oldrel-macos-arm64 | 1.4.0 | 1.00 | 15.00 | 16.00 | OK | |
| r-oldrel-macos-x86_64 | 1.4.0 | 2.00 | 31.00 | 33.00 | OK | |
| r-oldrel-windows-x86_64 | 1.4.0 | 4.00 | 46.00 | 50.00 | OK |
Version: 1.4.0
Check: CRAN incoming feasibility
Result: NOTE
Maintainer: ‘Samuel Benidt <sgbenidt@gmail.com>’
No Authors@R field in DESCRIPTION.
Please add one, modifying
Authors@R: person(given = "Samuel",
family = "Benidt",
role = c("aut", "cre"),
email = "sgbenidt@gmail.com")
as necessary.
Package CITATION file contains call(s) to old-style citEntry(). Please
use bibentry() instead.
Flavors: r-devel-linux-x86_64-debian-clang, r-devel-linux-x86_64-debian-gcc