Last updated on 2025-04-30 01:50:40 CEST.
Flavor | Version | Tinstall | Tcheck | Ttotal | Status | Flags |
---|---|---|---|---|---|---|
r-devel-linux-x86_64-debian-clang | 0.8.4 | 30.41 | 385.33 | 415.74 | NOTE | |
r-devel-linux-x86_64-debian-gcc | 0.8.4 | 19.57 | 243.02 | 262.59 | OK | |
r-devel-linux-x86_64-fedora-clang | 0.8.4 | 717.71 | OK | |||
r-devel-linux-x86_64-fedora-gcc | 0.8.4 | 696.11 | OK | |||
r-devel-windows-x86_64 | 0.8.4 | 33.00 | 400.00 | 433.00 | OK | |
r-patched-linux-x86_64 | 0.8.4 | 35.35 | 362.34 | 397.69 | OK | |
r-release-linux-x86_64 | 0.8.4 | 30.99 | 361.14 | 392.13 | OK | |
r-release-macos-arm64 | 0.8.4 | 177.00 | OK | |||
r-release-macos-x86_64 | 0.8.4 | 397.00 | OK | |||
r-release-windows-x86_64 | 0.8.4 | 33.00 | 385.00 | 418.00 | OK | |
r-oldrel-macos-arm64 | 0.8.4 | 183.00 | OK | |||
r-oldrel-macos-x86_64 | 0.8.4 | 417.00 | OK | |||
r-oldrel-windows-x86_64 | 0.8.4 | 46.00 | 496.00 | 542.00 | OK |
Version: 0.8.4
Check: examples
Result: NOTE
Examples with CPU (user + system) or elapsed time > 5s
user system elapsed
dataTOSTone 5.730 0.100 8.048
dataTOSTtwo 5.707 0.056 7.846
Flavor: r-devel-linux-x86_64-debian-clang