Last updated on 2025-05-01 01:49:50 CEST.
Flavor | Version | Tinstall | Tcheck | Ttotal | Status | Flags |
---|---|---|---|---|---|---|
r-devel-linux-x86_64-debian-clang | 1.2-6 | 12.02 | 112.54 | 124.56 | NOTE | |
r-devel-linux-x86_64-debian-gcc | 1.2-6 | 8.72 | 78.00 | 86.72 | OK | |
r-devel-linux-x86_64-fedora-clang | 1.2-6 | 194.42 | OK | |||
r-devel-linux-x86_64-fedora-gcc | 1.2-6 | 186.13 | OK | |||
r-devel-windows-x86_64 | 1.2-6 | 11.00 | 277.00 | 288.00 | OK | |
r-patched-linux-x86_64 | 1.2-6 | 11.88 | 108.01 | 119.89 | OK | |
r-release-linux-x86_64 | 1.2-6 | 10.34 | 105.72 | 116.06 | OK | |
r-release-macos-arm64 | 1.2-6 | 60.00 | OK | |||
r-release-macos-x86_64 | 1.2-6 | 105.00 | OK | |||
r-release-windows-x86_64 | 1.2-6 | 13.00 | 116.00 | 129.00 | OK | |
r-oldrel-macos-arm64 | 1.2-6 | 51.00 | OK | |||
r-oldrel-macos-x86_64 | 1.2-6 | 119.00 | OK | |||
r-oldrel-windows-x86_64 | 1.2-6 | 15.00 | 237.00 | 252.00 | OK |
Version: 1.2-6
Check: examples
Result: NOTE
Examples with CPU (user + system) or elapsed time > 5s
user system elapsed
TRADER-package 10.14 0.339 12.569
Flavor: r-devel-linux-x86_64-debian-clang
Version: 1.2-6
Check: examples
Result: NA
user system elapsed
TRADER-package 5.273 0.104 6.442
OK
Flavor: r-devel-linux-x86_64-debian-gcc