Last updated on 2025-10-25 01:51:19 CEST.
| Flavor | Version | Tinstall | Tcheck | Ttotal | Status | Flags |
|---|---|---|---|---|---|---|
| r-devel-linux-x86_64-debian-clang | 2.4 | 31.01 | 247.27 | 278.28 | OK | |
| r-devel-linux-x86_64-debian-gcc | 2.4 | 20.48 | 174.63 | 195.11 | OK | |
| r-devel-linux-x86_64-fedora-clang | 2.4 | 181.00 | 267.53 | 448.53 | OK | |
| r-devel-linux-x86_64-fedora-gcc | 2.4 | 62.00 | 351.79 | 413.79 | OK | |
| r-devel-windows-x86_64 | 2.4 | 8.00 | 5.00 | 13.00 | ERROR | |
| r-patched-linux-x86_64 | 2.4 | 27.12 | 230.41 | 257.53 | OK | |
| r-release-linux-x86_64 | 2.4 | 29.32 | 230.22 | 259.54 | OK | |
| r-release-macos-arm64 | 2.4 | 5.00 | ERROR | |||
| r-release-macos-x86_64 | 2.4 | 14.00 | ERROR | |||
| r-release-windows-x86_64 | 2.4 | 8.00 | 11.00 | 19.00 | ERROR | |
| r-oldrel-macos-arm64 | 2.4 | 12.00 | 93.00 | 105.00 | OK | |
| r-oldrel-macos-x86_64 | 2.4 | 19.00 | 144.00 | 163.00 | OK | |
| r-oldrel-windows-x86_64 | 2.4 | 11.00 | 10.00 | 21.00 | ERROR |
Version: 2.4
Check: whether package can be installed
Result: ERROR
Installation failed.
Flavors: r-devel-windows-x86_64, r-release-windows-x86_64, r-oldrel-windows-x86_64
Version: 2.4
Check: package dependencies
Result: ERROR
Package required but not available: ‘microbiome’
See section ‘The DESCRIPTION file’ in the ‘Writing R Extensions’
manual.
Flavors: r-release-macos-arm64, r-release-macos-x86_64